Last updated on 2022-07-04 12:54:07 CEST.
Flavor | Version | Tinstall | Tcheck | Ttotal | Status | Flags |
---|---|---|---|---|---|---|
r-devel-linux-x86_64-debian-clang | 0.2.6 | 19.90 | 115.39 | 135.29 | OK | |
r-devel-linux-x86_64-debian-gcc | 0.2.6 | 14.09 | 85.44 | 99.53 | OK | |
r-devel-linux-x86_64-fedora-clang | 0.2.6 | 161.82 | NOTE | |||
r-devel-linux-x86_64-fedora-gcc | 0.2.6 | 162.46 | OK | |||
r-devel-windows-x86_64 | 0.2.6 | 33.00 | 129.00 | 162.00 | OK | |
r-patched-linux-x86_64 | 0.2.6 | 11.10 | 107.21 | 118.31 | OK | |
r-release-linux-x86_64 | 0.2.6 | 11.79 | 104.63 | 116.42 | OK | |
r-release-macos-arm64 | 0.2.6 | 41.00 | OK | |||
r-release-macos-x86_64 | 0.2.6 | 62.00 | OK | |||
r-release-windows-x86_64 | 0.2.6 | 36.00 | 129.00 | 165.00 | OK | |
r-oldrel-macos-arm64 | 0.2.6 | 40.00 | OK | |||
r-oldrel-macos-x86_64 | 0.2.6 | 58.00 | OK | |||
r-oldrel-windows-ix86+x86_64 | 0.2.6 | 38.00 | 126.00 | 164.00 | OK |
Version: 0.2.6
Check: package dependencies
Result: NOTE
Imports includes 22 non-default packages.
Importing from so many packages makes the package vulnerable to any of
them becoming unavailable. Move as many as possible to Suggests and
use conditionally.
Flavor: r-devel-linux-x86_64-fedora-clang