CRAN Package Check Results for Package detzrcr

Last updated on 2022-07-06 12:53:33 CEST.

Flavor Version Tinstall Tcheck Ttotal Status Flags
r-devel-linux-x86_64-debian-clang 0.3.1 3.55 34.40 37.95 NOTE
r-devel-linux-x86_64-debian-gcc 0.3.1 3.43 26.42 29.85 NOTE
r-devel-linux-x86_64-fedora-clang 0.3.1 57.19 NOTE
r-devel-linux-x86_64-fedora-gcc 0.3.1 56.34 NOTE
r-devel-windows-x86_64 0.3.1 36.00 66.00 102.00 NOTE
r-patched-linux-x86_64 0.3.1 3.16 32.86 36.02 NOTE
r-release-linux-x86_64 0.3.1 2.64 33.40 36.04 NOTE
r-release-macos-arm64 0.3.1 21.00 NOTE
r-release-macos-x86_64 0.3.1 35.00 NOTE
r-release-windows-x86_64 0.3.1 42.00 71.00 113.00 NOTE
r-oldrel-macos-arm64 0.3.1 26.00 NOTE
r-oldrel-macos-x86_64 0.3.1 33.00 NOTE
r-oldrel-windows-ix86+x86_64 0.3.1 10.00 52.00 62.00 NOTE

Check Details

Version: 0.3.1
Check: LazyData
Result: NOTE
     'LazyData' is specified without a 'data' directory
Flavors: r-devel-linux-x86_64-debian-clang, r-devel-linux-x86_64-debian-gcc, r-devel-linux-x86_64-fedora-clang, r-devel-linux-x86_64-fedora-gcc, r-devel-windows-x86_64, r-patched-linux-x86_64, r-release-linux-x86_64, r-release-macos-arm64, r-release-macos-x86_64, r-release-windows-x86_64, r-oldrel-macos-arm64, r-oldrel-macos-x86_64, r-oldrel-windows-ix86+x86_64

Version: 0.3.1
Check: dependencies in R code
Result: NOTE
    Namespaces in Imports field not imported from:
     ‘DT’ ‘utils’
     All declared Imports should be used.
Flavors: r-devel-linux-x86_64-fedora-clang, r-devel-linux-x86_64-fedora-gcc, r-release-macos-arm64, r-release-macos-x86_64, r-oldrel-macos-arm64, r-oldrel-macos-x86_64