CRAN Package Check Results for Package desctable

Last updated on 2022-07-03 11:53:35 CEST.

Flavor Version Tinstall Tcheck Ttotal Status Flags
r-devel-linux-x86_64-debian-clang 0.3.0 6.68 72.32 79.00 OK
r-devel-linux-x86_64-debian-gcc 0.3.0 5.05 53.58 58.63 OK
r-devel-linux-x86_64-fedora-clang 0.3.0 102.22 NOTE
r-devel-linux-x86_64-fedora-gcc 0.3.0 102.08 OK
r-devel-windows-x86_64 0.3.0 32.00 104.00 136.00 OK
r-patched-linux-x86_64 0.3.0 11.47 67.84 79.31 OK
r-release-linux-x86_64 0.3.0 6.62 66.13 72.75 OK
r-release-macos-arm64 0.3.0 35.00 OK
r-release-macos-x86_64 0.3.0 68.00 OK
r-release-windows-x86_64 0.3.0 51.00 109.00 160.00 OK
r-oldrel-macos-arm64 0.3.0 29.00 OK
r-oldrel-macos-x86_64 0.3.0 62.00 OK
r-oldrel-windows-ix86+x86_64 0.3.0 18.00 99.00 117.00 OK

Check Details

Version: 0.3.0
Check: Rd cross-references
Result: NOTE
    Undeclared package ‘htmlwidgets’ in Rd xrefs
Flavor: r-devel-linux-x86_64-fedora-clang