Last updated on 2023-09-21 12:57:10 CEST.
Flavor | Version | Tinstall | Tcheck | Ttotal | Status | Flags |
---|---|---|---|---|---|---|
r-devel-linux-x86_64-debian-clang | 1.1 | 7.55 | 86.17 | 93.72 | OK | |
r-devel-linux-x86_64-debian-gcc | 1.1 | 6.63 | 62.35 | 68.98 | OK | |
r-devel-linux-x86_64-fedora-clang | 1.1 | 114.08 | NOTE | |||
r-devel-linux-x86_64-fedora-gcc | 1.1 | 111.17 | OK | |||
r-devel-windows-x86_64 | 1.1 | 10.00 | 85.00 | 95.00 | OK | |
r-patched-linux-x86_64 | 1.1 | 9.65 | 81.99 | 91.64 | OK | |
r-release-linux-x86_64 | 1.1 | 5.42 | 81.46 | 86.88 | OK | |
r-release-macos-arm64 | 1.1 | 38.00 | OK | |||
r-release-macos-x86_64 | 1.1 | 61.00 | NOTE | |||
r-release-windows-x86_64 | 1.1 | 12.00 | 97.00 | 109.00 | OK | |
r-oldrel-macos-arm64 | 1.1 | 34.00 | OK | |||
r-oldrel-macos-x86_64 | 1.1 | 48.00 | OK | |||
r-oldrel-windows-x86_64 | 1.1 | 11.00 | 98.00 | 109.00 | OK |
Version: 1.1
Check: Rd cross-references
Result: NOTE
Undeclared packages ‘FactoMineR’, ‘vcd’ in Rd xrefs
Flavor: r-devel-linux-x86_64-fedora-clang
Version: 1.1
Check: Rd cross-references
Result: NOTE
Package unavailable to check Rd xrefs: ‘FactoMineR’
Flavor: r-release-macos-x86_64