CRAN Package Check Results for Package depmixS4

Last updated on 2022-06-25 10:53:01 CEST.

Flavor Version Tinstall Tcheck Ttotal Status Flags
r-devel-linux-x86_64-debian-clang 1.5-0 8.49 126.99 135.48 NOTE
r-devel-linux-x86_64-debian-gcc 1.5-0 9.42 90.09 99.51 NOTE
r-devel-linux-x86_64-fedora-clang 1.5-0 175.51 NOTE
r-devel-linux-x86_64-fedora-gcc 1.5-0 172.50 NOTE
r-devel-windows-x86_64 1.5-0 67.00 183.00 250.00 NOTE
r-patched-linux-x86_64 1.5-0 14.67 119.89 134.56 NOTE
r-release-linux-x86_64 1.5-0 9.40 117.42 126.82 NOTE
r-release-macos-arm64 1.5-0 51.00 NOTE
r-release-macos-x86_64 1.5-0 73.00 NOTE
r-release-windows-x86_64 1.5-0 84.00 176.00 260.00 NOTE
r-oldrel-macos-arm64 1.5-0 64.00 NOTE
r-oldrel-macos-x86_64 1.5-0 115.00 NOTE
r-oldrel-windows-ix86+x86_64 1.5-0 28.00 209.00 237.00 NOTE

Check Details

Version: 1.5-0
Check: package dependencies
Result: NOTE
    Package suggested but not available for checking: 'Rdonlp2'
Flavors: r-devel-linux-x86_64-debian-clang, r-devel-linux-x86_64-debian-gcc, r-devel-linux-x86_64-fedora-clang, r-devel-linux-x86_64-fedora-gcc, r-devel-windows-x86_64, r-patched-linux-x86_64, r-release-linux-x86_64, r-release-macos-arm64, r-release-macos-x86_64, r-release-windows-x86_64, r-oldrel-macos-arm64, r-oldrel-macos-x86_64, r-oldrel-windows-ix86+x86_64