CRAN Package Check Results for Package depcoeff

Last updated on 2022-07-05 11:49:51 CEST.

Flavor Version Tinstall Tcheck Ttotal Status Flags
r-devel-linux-x86_64-debian-clang 0.0.1 23.71 84.29 108.00 NOTE
r-devel-linux-x86_64-debian-gcc 0.0.1 20.58 64.65 85.23 NOTE
r-devel-linux-x86_64-fedora-clang 0.0.1 149.63 NOTE
r-devel-linux-x86_64-fedora-gcc 0.0.1 140.29 NOTE
r-devel-windows-x86_64 0.0.1 34.00 125.00 159.00 NOTE
r-patched-linux-x86_64 0.0.1 23.95 82.00 105.95 NOTE
r-release-linux-x86_64 0.0.1 22.00 79.99 101.99 NOTE
r-release-macos-arm64 0.0.1 41.00 NOTE
r-release-macos-x86_64 0.0.1 57.00 NOTE
r-release-windows-x86_64 0.0.1 32.00 122.00 154.00 NOTE
r-oldrel-macos-arm64 0.0.1 49.00 NOTE
r-oldrel-macos-x86_64 0.0.1 80.00 NOTE
r-oldrel-windows-ix86+x86_64 0.0.1 68.00 142.00 210.00 NOTE

Check Details

Version: 0.0.1
Check: LazyData
Result: NOTE
     'LazyData' is specified without a 'data' directory
Flavors: r-devel-linux-x86_64-debian-clang, r-devel-linux-x86_64-debian-gcc, r-devel-linux-x86_64-fedora-clang, r-devel-linux-x86_64-fedora-gcc, r-devel-windows-x86_64, r-patched-linux-x86_64, r-release-linux-x86_64, r-release-macos-arm64, r-release-macos-x86_64, r-release-windows-x86_64, r-oldrel-macos-arm64, r-oldrel-macos-x86_64, r-oldrel-windows-ix86+x86_64