Last updated on 2024-04-23 10:54:00 CEST.
Flavor | Version | Tinstall | Tcheck | Ttotal | Status | Flags |
---|---|---|---|---|---|---|
r-devel-linux-x86_64-debian-clang | 1.6 | 2.82 | 29.71 | 32.53 | NOTE | |
r-devel-linux-x86_64-debian-gcc | 1.6 | 2.17 | 22.54 | 24.71 | NOTE | |
r-devel-linux-x86_64-fedora-clang | 1.6 | 40.39 | NOTE | |||
r-devel-linux-x86_64-fedora-gcc | 1.6 | 38.10 | NOTE | |||
r-prerel-macos-arm64 | 1.6 | 18.00 | NOTE | |||
r-prerel-windows-x86_64 | 1.6 | 3.00 | 44.00 | 47.00 | NOTE | |
r-patched-linux-x86_64 | 1.6 | 2.94 | 28.52 | 31.46 | NOTE | |
r-release-linux-x86_64 | 1.6 | 2.63 | 26.44 | 29.07 | NOTE | |
r-release-macos-arm64 | 1.6 | 16.00 | OK | |||
r-release-macos-x86_64 | 1.6 | 21.00 | OK | |||
r-release-windows-x86_64 | 1.6 | 4.00 | 41.00 | 45.00 | OK | |
r-oldrel-macos-arm64 | 1.6 | 18.00 | OK | |||
r-oldrel-windows-x86_64 | 1.6 | 5.00 | 48.00 | 53.00 | OK |
Version: 1.6
Check: Rd files
Result: NOTE
checkRd: (-1) deltaPlot.Rd:28: Lost braces
28 | \item{purify}{logical: should item purification be performed? (Default is code{FALSE}). See \bold{Details}.}
| ^
Flavors: r-devel-linux-x86_64-debian-clang, r-devel-linux-x86_64-debian-gcc, r-devel-linux-x86_64-fedora-clang, r-devel-linux-x86_64-fedora-gcc, r-prerel-macos-arm64, r-prerel-windows-x86_64, r-patched-linux-x86_64
Version: 1.6
Check: for non-standard things in the check directory
Result: NOTE
Found the following files/directories:
‘res.pdf’ ‘res1.jpg’
Flavors: r-devel-linux-x86_64-debian-clang, r-devel-linux-x86_64-debian-gcc, r-devel-linux-x86_64-fedora-clang, r-devel-linux-x86_64-fedora-gcc, r-patched-linux-x86_64, r-release-linux-x86_64