Last updated on 2025-05-03 10:50:01 CEST.
Flavor | Version | Tinstall | Tcheck | Ttotal | Status | Flags |
---|---|---|---|---|---|---|
r-devel-linux-x86_64-debian-clang | 2.0-4 | 9.56 | 36.59 | 46.15 | NOTE | |
r-devel-linux-x86_64-debian-gcc | 2.0-4 | 6.48 | 26.29 | 32.77 | NOTE | |
r-devel-linux-x86_64-fedora-clang | 2.0-4 | 68.84 | OK | |||
r-devel-linux-x86_64-fedora-gcc | 2.0-4 | 63.99 | OK | |||
r-devel-windows-x86_64 | 2.0-4 | 19.00 | 69.00 | 88.00 | OK | |
r-patched-linux-x86_64 | 2.0-4 | 7.62 | 34.00 | 41.62 | OK | |
r-release-linux-x86_64 | OK | |||||
r-release-macos-arm64 | 2.0-4 | 25.00 | OK | |||
r-release-macos-x86_64 | 2.0-4 | 46.00 | OK | |||
r-release-windows-x86_64 | 2.0-4 | 19.00 | 73.00 | 92.00 | OK | |
r-oldrel-macos-arm64 | 2.0-4 | 33.00 | OK | |||
r-oldrel-macos-x86_64 | 2.0-4 | 36.00 | OK | |||
r-oldrel-windows-x86_64 | 2.0-4 | 19.00 | 67.00 | 86.00 | OK |
Version: 2.0-4
Check: CRAN incoming feasibility
Result: NOTE
Maintainer: ‘Rolf Turner <rolfturner@posteo.net>’
No Authors@R field in DESCRIPTION.
Please add one, modifying
Authors@R: person(given = "Rolf",
family = "Turner",
role = c("aut", "cre"),
email = "rolfturner@posteo.net")
as necessary.
Flavors: r-devel-linux-x86_64-debian-clang, r-devel-linux-x86_64-debian-gcc