Last updated on 2024-03-28 09:51:40 CET.
Flavor | Version | Tinstall | Tcheck | Ttotal | Status | Flags |
---|---|---|---|---|---|---|
r-devel-linux-x86_64-debian-clang | 0.3.0 | 3.80 | 406.13 | 409.93 | NOTE | |
r-devel-linux-x86_64-debian-gcc | 0.3.0 | 3.12 | 297.52 | 300.64 | NOTE | |
r-devel-linux-x86_64-fedora-clang | 0.3.0 | 468.87 | NOTE | |||
r-devel-linux-x86_64-fedora-gcc | 0.3.0 | 492.48 | NOTE | |||
r-devel-windows-x86_64 | 0.3.0 | 4.00 | 322.00 | 326.00 | NOTE | |
r-patched-linux-x86_64 | 0.3.0 | 4.76 | 427.87 | 432.63 | NOTE | |
r-release-linux-x86_64 | 0.3.0 | 3.32 | 400.78 | 404.10 | NOTE | |
r-release-macos-arm64 | 0.3.0 | 128.00 | NOTE | |||
r-release-macos-x86_64 | 0.3.0 | 235.00 | NOTE | |||
r-release-windows-x86_64 | 0.3.0 | 6.00 | 375.00 | 381.00 | NOTE | |
r-oldrel-macos-arm64 | 0.3.0 | 115.00 | OK | |||
r-oldrel-windows-x86_64 | 0.3.0 | 6.00 | 383.00 | 389.00 | OK |
Version: 0.3.0
Check: package subdirectories
Result: NOTE
Problems with news in ‘NEWS.md’:
No news entries found.
Flavors: r-devel-linux-x86_64-debian-clang, r-devel-linux-x86_64-debian-gcc, r-devel-linux-x86_64-fedora-clang, r-devel-linux-x86_64-fedora-gcc, r-devel-windows-x86_64, r-patched-linux-x86_64, r-release-linux-x86_64, r-release-macos-arm64, r-release-macos-x86_64, r-release-windows-x86_64