CRAN Package Check Results for Package deflateBR

Last updated on 2022-06-24 11:52:06 CEST.

Flavor Version Tinstall Tcheck Ttotal Status Flags
r-devel-linux-x86_64-debian-clang 1.1.2 2.85 31.09 33.94 NOTE
r-devel-linux-x86_64-debian-gcc 1.1.2 2.47 24.12 26.59 NOTE
r-devel-linux-x86_64-fedora-clang 1.1.2 53.82 NOTE
r-devel-linux-x86_64-fedora-gcc 1.1.2 51.58 NOTE
r-devel-windows-x86_64 1.1.2 17.00 56.00 73.00 NOTE
r-patched-linux-x86_64 1.1.2 3.04 29.48 32.52 NOTE
r-release-linux-x86_64 1.1.2 2.69 29.91 32.60 NOTE
r-release-macos-arm64 1.1.2 18.00 NOTE
r-release-macos-x86_64 1.1.2 30.00 NOTE
r-release-windows-x86_64 1.1.2 17.00 57.00 74.00 NOTE
r-oldrel-macos-arm64 1.1.2 24.00 NOTE
r-oldrel-macos-x86_64 1.1.2 33.00 NOTE
r-oldrel-windows-ix86+x86_64 1.1.2 8.00 47.00 55.00 NOTE

Check Details

Version: 1.1.2
Check: LazyData
Result: NOTE
     'LazyData' is specified without a 'data' directory
Flavors: r-devel-linux-x86_64-debian-clang, r-devel-linux-x86_64-debian-gcc, r-devel-linux-x86_64-fedora-clang, r-devel-linux-x86_64-fedora-gcc, r-devel-windows-x86_64, r-patched-linux-x86_64, r-release-linux-x86_64, r-release-macos-arm64, r-release-macos-x86_64, r-release-windows-x86_64, r-oldrel-macos-arm64, r-oldrel-macos-x86_64, r-oldrel-windows-ix86+x86_64