Last updated on 2024-04-19 11:56:42 CEST.
Flavor | Version | Tinstall | Tcheck | Ttotal | Status | Flags |
---|---|---|---|---|---|---|
r-devel-linux-x86_64-debian-clang | 0.1.1 | 7.35 | 66.40 | 73.75 | OK | |
r-devel-linux-x86_64-debian-gcc | 0.1.1 | OK | ||||
r-devel-linux-x86_64-fedora-clang | 0.1.1 | 93.07 | NOTE | |||
r-devel-linux-x86_64-fedora-gcc | 0.1.1 | 85.96 | NOTE | |||
r-prerel-macos-arm64 | 0.1.1 | 31.00 | OK | |||
r-prerel-windows-x86_64 | 0.1.1 | 9.00 | 73.00 | 82.00 | OK | |
r-patched-linux-x86_64 | 0.1.1 | 6.55 | 62.93 | 69.48 | OK | |
r-release-linux-x86_64 | 0.1.1 | 7.13 | 64.05 | 71.18 | OK | |
r-release-macos-arm64 | 0.1.1 | 32.00 | OK | |||
r-release-macos-x86_64 | 0.1.1 | 47.00 | OK | |||
r-release-windows-x86_64 | 0.1.1 | 9.00 | 79.00 | 88.00 | OK | |
r-oldrel-macos-arm64 | 0.1.1 | 31.00 | NOTE | |||
r-oldrel-windows-x86_64 | 0.1.1 | 11.00 | 84.00 | 95.00 | OK |
Version: 0.1.1
Check: dependencies in R code
Result: NOTE
Namespace in Imports field not imported from: ‘dplyr’
All declared Imports should be used.
Flavors: r-devel-linux-x86_64-fedora-clang, r-devel-linux-x86_64-fedora-gcc, r-oldrel-macos-arm64