CRAN Package Check Results for Package decoder

Last updated on 2022-06-24 11:52:05 CEST.

Flavor Version Tinstall Tcheck Ttotal Status Flags
r-devel-linux-x86_64-debian-clang 1.2.2 4.55 39.55 44.10 OK
r-devel-linux-x86_64-debian-gcc 1.2.2 4.62 31.22 35.84 OK
r-devel-linux-x86_64-fedora-clang 1.2.2 66.93 NOTE
r-devel-linux-x86_64-fedora-gcc 1.2.2 63.68 NOTE
r-devel-windows-x86_64 1.2.2 51.00 78.00 129.00 OK
r-patched-linux-x86_64 1.2.2 7.23 38.64 45.87 OK
r-release-linux-x86_64 1.2.2 5.17 37.56 42.73 OK
r-release-macos-arm64 1.2.2 24.00 NOTE
r-release-macos-x86_64 1.2.2 32.00 NOTE
r-release-windows-x86_64 1.2.2 46.00 78.00 124.00 OK
r-oldrel-macos-arm64 1.2.2 34.00 NOTE
r-oldrel-macos-x86_64 1.2.2 50.00 NOTE
r-oldrel-windows-ix86+x86_64 1.2.2 13.00 66.00 79.00 OK

Check Details

Version: 1.2.2
Check: data for non-ASCII characters
Result: NOTE
     Note: found 1 marked Latin-1 string
     Note: found 46826 marked UTF-8 strings
Flavors: r-devel-linux-x86_64-fedora-clang, r-devel-linux-x86_64-fedora-gcc, r-release-macos-arm64, r-release-macos-x86_64, r-oldrel-macos-arm64, r-oldrel-macos-x86_64