Last updated on 2024-04-24 11:20:48 CEST.
Flavor | Version | Tinstall | Tcheck | Ttotal | Status | Flags |
---|---|---|---|---|---|---|
r-devel-linux-x86_64-debian-clang | 0.24 | 8.09 | 60.93 | 69.02 | NOTE | |
r-devel-linux-x86_64-debian-gcc | 0.24 | 5.41 | 44.30 | 49.71 | NOTE | |
r-devel-linux-x86_64-fedora-clang | 0.24 | 87.35 | NOTE | |||
r-devel-linux-x86_64-fedora-gcc | 0.24 | 81.55 | NOTE | |||
r-devel-windows-x86_64 | 0.24 | 8.00 | 59.00 | 67.00 | OK | |
r-patched-linux-x86_64 | 0.24 | 7.77 | 58.48 | 66.25 | OK | |
r-release-linux-x86_64 | 0.24 | 6.71 | 59.50 | 66.21 | OK | |
r-release-macos-arm64 | 0.24 | 31.00 | OK | |||
r-release-windows-x86_64 | 0.24 | 9.00 | 58.00 | 67.00 | OK | |
r-oldrel-macos-arm64 | 0.24 | 29.00 | OK | |||
r-oldrel-macos-x86_64 | 0.24 | 75.00 | OK | |||
r-oldrel-windows-x86_64 | 0.24 | 13.00 | 69.00 | 82.00 | OK |
Version: 0.24
Check: compiled code
Result: NOTE
File ‘declared/libs/declared.so’:
Found non-API call to R: ‘SET_ENVFLAGS’
Compiled code should not call non-API entry points in R.
See ‘Writing portable packages’ in the ‘Writing R Extensions’ manual.
Flavors: r-devel-linux-x86_64-debian-clang, r-devel-linux-x86_64-debian-gcc, r-devel-linux-x86_64-fedora-clang, r-devel-linux-x86_64-fedora-gcc