CRAN Package Check Results for Package decision

Last updated on 2025-04-29 12:52:33 CEST.

Flavor Version Tinstall Tcheck Ttotal Status Flags
r-devel-linux-x86_64-debian-clang 0.1.0 1.58 16.08 17.66 NOTE
r-devel-linux-x86_64-debian-gcc 0.1.0 1.35 13.20 14.55 NOTE
r-devel-linux-x86_64-fedora-clang 0.1.0 27.17 OK
r-devel-linux-x86_64-fedora-gcc 0.1.0 25.93 OK
r-devel-windows-x86_64 0.1.0 2.00 34.00 36.00 OK
r-patched-linux-x86_64 0.1.0 1.29 15.43 16.72 OK
r-release-linux-x86_64 0.1.0 1.56 15.69 17.25 OK
r-release-macos-arm64 0.1.0 14.00 OK
r-release-macos-x86_64 0.1.0 21.00 OK
r-release-windows-x86_64 0.1.0 3.00 37.00 40.00 OK
r-oldrel-macos-arm64 0.1.0 12.00 NOTE
r-oldrel-macos-x86_64 0.1.0 19.00 NOTE
r-oldrel-windows-x86_64 0.1.0 3.00 34.00 37.00 NOTE

Check Details

Version: 0.1.0
Check: CRAN incoming feasibility
Result: NOTE Maintainer: ‘Partha Sarathi Bishnu <psbishnu@gmail.com>’ No Authors@R field in DESCRIPTION. Please add one, modifying Authors@R: person(given = c("Partha", "Sarathi"), family = "Bishnu", role = c("aut", "cre"), email = "psbishnu@gmail.com") as necessary. Flavors: r-devel-linux-x86_64-debian-clang, r-devel-linux-x86_64-debian-gcc

Version: 0.1.0
Check: LazyData
Result: NOTE 'LazyData' is specified without a 'data' directory Flavors: r-oldrel-macos-arm64, r-oldrel-macos-x86_64, r-oldrel-windows-x86_64