Last updated on 2024-04-19 11:56:42 CEST.
Flavor | Version | Tinstall | Tcheck | Ttotal | Status | Flags |
---|---|---|---|---|---|---|
r-devel-linux-x86_64-debian-clang | 0.3.0 | 21.41 | 35.96 | 57.37 | NOTE | |
r-devel-linux-x86_64-debian-gcc | 0.3.0 | NOTE | ||||
r-devel-linux-x86_64-fedora-clang | 0.3.0 | 81.21 | NOTE | |||
r-devel-linux-x86_64-fedora-gcc | 0.3.0 | 95.12 | NOTE | |||
r-prerel-macos-arm64 | 0.3.0 | 29.00 | NOTE | |||
r-prerel-windows-x86_64 | 0.3.0 | 18.00 | 72.00 | 90.00 | NOTE | |
r-patched-linux-x86_64 | 0.3.0 | 19.31 | 35.15 | 54.46 | NOTE | |
r-release-linux-x86_64 | 0.3.0 | 20.78 | 33.28 | 54.06 | NOTE | |
r-release-macos-arm64 | 0.3.0 | 29.00 | NOTE | |||
r-release-macos-x86_64 | 0.3.0 | 54.00 | NOTE | |||
r-release-windows-x86_64 | 0.3.0 | 20.00 | 76.00 | 96.00 | NOTE | |
r-oldrel-macos-arm64 | 0.3.0 | 25.00 | NOTE | |||
r-oldrel-windows-x86_64 | 0.3.0 | 24.00 | 72.00 | 96.00 | NOTE |
Version: 0.3.0
Check: C++ specification
Result: NOTE
Specified C++11: please drop specification unless essential
Flavors: r-devel-linux-x86_64-debian-clang, r-devel-linux-x86_64-debian-gcc, r-devel-linux-x86_64-fedora-clang, r-devel-linux-x86_64-fedora-gcc, r-prerel-macos-arm64, r-prerel-windows-x86_64, r-patched-linux-x86_64, r-release-linux-x86_64, r-release-macos-arm64, r-release-macos-x86_64, r-release-windows-x86_64
Version: 0.3.0
Check: LazyData
Result: NOTE
'LazyData' is specified without a 'data' directory
Flavors: r-devel-linux-x86_64-debian-clang, r-devel-linux-x86_64-debian-gcc, r-devel-linux-x86_64-fedora-clang, r-devel-linux-x86_64-fedora-gcc, r-prerel-macos-arm64, r-prerel-windows-x86_64, r-patched-linux-x86_64, r-release-linux-x86_64, r-release-macos-arm64, r-release-macos-x86_64, r-release-windows-x86_64, r-oldrel-macos-arm64, r-oldrel-windows-x86_64