Last updated on 2025-02-08 13:51:23 CET.
Flavor | Version | Tinstall | Tcheck | Ttotal | Status | Flags |
---|---|---|---|---|---|---|
r-devel-linux-x86_64-debian-clang | 0.3.0 | 11.51 | 28.71 | 40.22 | NOTE | |
r-devel-linux-x86_64-debian-gcc | 0.3.0 | 7.92 | 22.79 | 30.71 | NOTE | |
r-devel-linux-x86_64-fedora-clang | 0.3.0 | 74.64 | NOTE | |||
r-devel-linux-x86_64-fedora-gcc | 0.3.0 | 90.71 | NOTE | |||
r-devel-windows-x86_64 | 0.3.0 | 13.00 | 73.00 | 86.00 | NOTE | |
r-patched-linux-x86_64 | 0.3.0 | 11.48 | 27.17 | 38.65 | NOTE | |
r-release-linux-x86_64 | 0.3.0 | 10.25 | 27.33 | 37.58 | NOTE | |
r-release-macos-arm64 | 0.3.0 | 29.00 | NOTE | |||
r-release-macos-x86_64 | 0.3.0 | 46.00 | NOTE | |||
r-release-windows-x86_64 | 0.3.0 | 14.00 | 80.00 | 94.00 | NOTE | |
r-oldrel-macos-arm64 | 0.3.0 | 29.00 | NOTE | |||
r-oldrel-macos-x86_64 | 0.3.0 | 54.00 | NOTE | |||
r-oldrel-windows-x86_64 | 0.3.0 | 17.00 | 80.00 | 97.00 | NOTE |
Version: 0.3.0
Check: C++ specification
Result: NOTE
Specified C++11: please drop specification unless essential
Flavors: r-devel-linux-x86_64-debian-clang, r-devel-linux-x86_64-debian-gcc, r-devel-linux-x86_64-fedora-clang, r-devel-linux-x86_64-fedora-gcc, r-devel-windows-x86_64, r-patched-linux-x86_64, r-release-linux-x86_64, r-release-macos-arm64, r-release-macos-x86_64, r-release-windows-x86_64, r-oldrel-macos-arm64, r-oldrel-macos-x86_64, r-oldrel-windows-x86_64
Version: 0.3.0
Check: LazyData
Result: NOTE
'LazyData' is specified without a 'data' directory
Flavors: r-patched-linux-x86_64, r-release-linux-x86_64, r-release-macos-arm64, r-release-macos-x86_64, r-release-windows-x86_64, r-oldrel-macos-arm64, r-oldrel-macos-x86_64, r-oldrel-windows-x86_64