CRAN Package Check Results for Package debugr

Last updated on 2024-04-14 12:00:52 CEST.

Flavor Version Tinstall Tcheck Ttotal Status Flags
r-devel-linux-x86_64-debian-clang 0.0.1 2.29 26.18 28.47 NOTE
r-devel-linux-x86_64-debian-gcc 0.0.1 1.66 20.39 22.05 NOTE
r-devel-linux-x86_64-fedora-clang 0.0.1 36.21 NOTE
r-devel-linux-x86_64-fedora-gcc 0.0.1 46.86 NOTE
r-devel-windows-x86_64 0.0.1 2.00 41.00 43.00 NOTE
r-patched-linux-x86_64 0.0.1 2.03 25.48 27.51 NOTE
r-release-linux-x86_64 0.0.1 1.89 23.20 25.09 NOTE
r-release-macos-arm64 0.0.1 23.00 NOTE
r-release-macos-x86_64 0.0.1 31.00 NOTE
r-release-windows-x86_64 0.0.1 6.00 40.00 46.00 NOTE
r-oldrel-macos-arm64 0.0.1 17.00 NOTE
r-oldrel-windows-x86_64 0.0.1 4.00 44.00 48.00 NOTE

Check Details

Version: 0.0.1
Check: LazyData
Result: NOTE 'LazyData' is specified without a 'data' directory Flavors: r-devel-linux-x86_64-debian-clang, r-devel-linux-x86_64-debian-gcc, r-devel-linux-x86_64-fedora-clang, r-devel-linux-x86_64-fedora-gcc, r-devel-windows-x86_64, r-patched-linux-x86_64, r-release-linux-x86_64, r-release-macos-arm64, r-release-macos-x86_64, r-release-windows-x86_64, r-oldrel-macos-arm64, r-oldrel-windows-x86_64