Last updated on 2024-08-16 12:49:06 CEST.
Flavor | Version | Tinstall | Tcheck | Ttotal | Status | Flags |
---|---|---|---|---|---|---|
r-devel-linux-x86_64-debian-clang | 0.2.1 | 20.34 | 253.82 | 274.16 | OK | |
r-devel-linux-x86_64-debian-gcc | 0.2.1 | 13.90 | 170.12 | 184.02 | OK | |
r-devel-linux-x86_64-fedora-clang | 0.2.1 | 442.09 | NOTE | |||
r-devel-linux-x86_64-fedora-gcc | 0.2.1 | 430.49 | OK | |||
r-devel-windows-x86_64 | 0.2.1 | 22.00 | 273.00 | 295.00 | NOTE | |
r-patched-linux-x86_64 | 0.2.1 | 17.64 | 239.47 | 257.11 | OK | |
r-release-linux-x86_64 | 0.2.1 | 16.46 | 241.06 | 257.52 | OK | |
r-release-macos-arm64 | 0.2.1 | 118.00 | NOTE | |||
r-release-macos-x86_64 | 0.2.1 | 180.00 | NOTE | |||
r-release-windows-x86_64 | 0.2.1 | 23.00 | 272.00 | 295.00 | NOTE | |
r-oldrel-macos-arm64 | 0.2.1 | 117.00 | NOTE | |||
r-oldrel-macos-x86_64 | 0.2.1 | 200.00 | NOTE | |||
r-oldrel-windows-x86_64 | 0.2.1 | 28.00 | 335.00 | 363.00 | NOTE |
Version: 0.2.1
Check: installed package size
Result: NOTE
installed size is 5.4Mb
sub-directories of 1Mb or more:
data 4.2Mb
Flavors: r-devel-linux-x86_64-fedora-clang, r-devel-windows-x86_64, r-release-macos-arm64, r-release-macos-x86_64, r-release-windows-x86_64, r-oldrel-macos-arm64, r-oldrel-macos-x86_64, r-oldrel-windows-x86_64