CRAN Package Check Results for Package dcov

Last updated on 2022-06-24 11:52:05 CEST.

Flavor Version Tinstall Tcheck Ttotal Status Flags
r-devel-linux-x86_64-debian-clang 0.1.1 142.40 28.34 170.74 NOTE
r-devel-linux-x86_64-debian-gcc 0.1.1 106.10 22.22 128.32 NOTE
r-devel-linux-x86_64-fedora-clang 0.1.1 271.34 NOTE
r-devel-linux-x86_64-fedora-gcc 0.1.1 226.59 NOTE
r-devel-windows-x86_64 0.1.1 113.00 71.00 184.00 NOTE
r-patched-linux-x86_64 0.1.1 110.84 27.58 138.42 NOTE
r-release-linux-x86_64 0.1.1 113.65 27.88 141.53 NOTE
r-release-macos-arm64 0.1.1 51.00 NOTE
r-release-macos-x86_64 0.1.1 79.00 NOTE
r-release-windows-x86_64 0.1.1 105.00 75.00 180.00 NOTE
r-oldrel-macos-arm64 0.1.1 54.00 NOTE
r-oldrel-macos-x86_64 0.1.1 115.00 NOTE
r-oldrel-windows-ix86+x86_64 0.1.1 341.00 71.00 412.00 NOTE

Check Details

Version: 0.1.1
Check: LazyData
Result: NOTE
     'LazyData' is specified without a 'data' directory
Flavors: r-devel-linux-x86_64-debian-clang, r-devel-linux-x86_64-debian-gcc, r-devel-linux-x86_64-fedora-clang, r-devel-linux-x86_64-fedora-gcc, r-devel-windows-x86_64, r-patched-linux-x86_64, r-release-linux-x86_64, r-release-macos-arm64, r-release-macos-x86_64, r-release-windows-x86_64, r-oldrel-macos-arm64, r-oldrel-macos-x86_64, r-oldrel-windows-ix86+x86_64

Version: 0.1.1
Check: installed package size
Result: NOTE
     installed size is 5.0Mb
     sub-directories of 1Mb or more:
     libs 4.9Mb
Flavor: r-oldrel-macos-arm64