CRAN Package Check Results for Package dcGOR

Last updated on 2022-06-29 11:52:07 CEST.

Flavor Version Tinstall Tcheck Ttotal Status Flags
r-devel-linux-x86_64-debian-clang 1.0.6 29.34 193.33 222.67 OK
r-devel-linux-x86_64-debian-gcc 1.0.6 20.96 144.38 165.34 OK
r-devel-linux-x86_64-fedora-clang 1.0.6 271.76 NOTE
r-devel-linux-x86_64-fedora-gcc 1.0.6 271.77 OK
r-devel-windows-x86_64 1.0.6 67.00 226.00 293.00 NOTE
r-patched-linux-x86_64 1.0.6 18.13 181.43 199.56 OK
r-release-linux-x86_64 1.0.6 18.02 181.66 199.68 OK
r-release-macos-arm64 1.0.6 55.00 NOTE
r-release-macos-x86_64 1.0.6 102.00 NOTE
r-release-windows-x86_64 1.0.6 72.00 228.00 300.00 NOTE
r-oldrel-macos-arm64 1.0.6 6.00 ERROR
r-oldrel-macos-x86_64 1.0.6 110.00 NOTE
r-oldrel-windows-ix86+x86_64 1.0.6 51.00 226.00 277.00 NOTE

Check Details

Version: 1.0.6
Check: installed package size
Result: NOTE
     installed size is 5.5Mb
     sub-directories of 1Mb or more:
     data 4.1Mb
Flavors: r-devel-linux-x86_64-fedora-clang, r-devel-windows-x86_64, r-release-macos-arm64, r-release-macos-x86_64, r-release-windows-x86_64, r-oldrel-macos-x86_64, r-oldrel-windows-ix86+x86_64

Version: 1.0.6
Check: package dependencies
Result: NOTE
    Package suggested but not available for checking: 'doMC'
Flavors: r-devel-windows-x86_64, r-release-windows-x86_64, r-oldrel-windows-ix86+x86_64

Version: 1.0.6
Check: package dependencies
Result: ERROR
    Package required but not available: ‘dnet’
    
    See section ‘The DESCRIPTION file’ in the ‘Writing R Extensions’
    manual.
Flavor: r-oldrel-macos-arm64