CRAN Package Check Results for Package dbglm

Last updated on 2023-02-01 13:53:14 CET.

Flavor Version Tinstall Tcheck Ttotal Status Flags
r-devel-linux-x86_64-debian-clang 1.0.0 6.66 57.49 64.15 OK
r-devel-linux-x86_64-debian-gcc 1.0.0 5.21 43.55 48.76 OK
r-devel-linux-x86_64-fedora-clang 1.0.0 79.91 NOTE
r-devel-linux-x86_64-fedora-gcc 1.0.0 78.75 NOTE
r-devel-windows-x86_64 1.0.0 17.00 97.00 114.00 OK
r-patched-linux-x86_64 1.0.0 5.90 57.18 63.08 OK
r-release-linux-x86_64 1.0.0 4.83 58.45 63.28 OK
r-release-macos-arm64 1.0.0 29.00 NOTE
r-release-macos-x86_64 1.0.0 48.00 NOTE
r-release-windows-x86_64 1.0.0 16.00 96.00 112.00 OK
r-oldrel-macos-arm64 1.0.0 33.00 NOTE
r-oldrel-macos-x86_64 1.0.0 33.00 NOTE
r-oldrel-windows-ix86+x86_64 1.0.0 17.00 83.00 100.00 OK

Check Details

Version: 1.0.0
Check: dependencies in R code
Result: NOTE
    Namespaces in Imports field not imported from:
     ‘knitr’ ‘tidyverse’ ‘vctrs’
     All declared Imports should be used.
Flavors: r-devel-linux-x86_64-fedora-clang, r-devel-linux-x86_64-fedora-gcc, r-release-macos-arm64, r-release-macos-x86_64, r-oldrel-macos-arm64, r-oldrel-macos-x86_64