Last updated on 2024-03-28 09:51:40 CET.
Flavor | Version | Tinstall | Tcheck | Ttotal | Status | Flags |
---|---|---|---|---|---|---|
r-devel-linux-x86_64-debian-clang | 1.1.0 | 11.65 | 145.17 | 156.82 | NOTE | |
r-devel-linux-x86_64-debian-gcc | 1.1.0 | 9.37 | 105.58 | 114.95 | NOTE | |
r-devel-linux-x86_64-fedora-clang | 1.1.0 | 191.74 | NOTE | |||
r-devel-linux-x86_64-fedora-gcc | 1.1.0 | 193.13 | NOTE | |||
r-devel-windows-x86_64 | 1.1.0 | 12.00 | 130.00 | 142.00 | NOTE | |
r-patched-linux-x86_64 | 1.1.0 | 8.59 | 137.11 | 145.70 | NOTE | |
r-release-linux-x86_64 | 1.1.0 | 7.51 | 136.56 | 144.07 | OK | |
r-release-macos-arm64 | 1.1.0 | 67.00 | OK | |||
r-release-macos-x86_64 | 1.1.0 | 136.00 | OK | |||
r-release-windows-x86_64 | 1.1.0 | 15.00 | 153.00 | 168.00 | OK | |
r-oldrel-macos-arm64 | 1.1.0 | 150.00 | OK | |||
r-oldrel-windows-x86_64 | 1.1.0 | 16.00 | 147.00 | 163.00 | OK |
Version: 1.1.0
Check: Rd files
Result: NOTE
checkRd: (-1) value_missing_table.Rd:19: Lost braces in \itemize; \value handles \item{}{} directly
checkRd: (-1) value_missing_table.Rd:20: Lost braces in \itemize; \value handles \item{}{} directly
Flavors: r-devel-linux-x86_64-debian-clang, r-devel-linux-x86_64-debian-gcc, r-devel-linux-x86_64-fedora-clang, r-devel-linux-x86_64-fedora-gcc, r-devel-windows-x86_64, r-patched-linux-x86_64