CRAN Package Check Results for Package datplot

Last updated on 2022-06-24 11:52:05 CEST.

Flavor Version Tinstall Tcheck Ttotal Status Flags
r-devel-linux-x86_64-debian-clang 1.0.0 2.56 113.99 116.55 OK
r-devel-linux-x86_64-debian-gcc 1.0.0 1.84 88.46 90.30 OK
r-devel-linux-x86_64-fedora-clang 1.0.0 147.03 NOTE
r-devel-linux-x86_64-fedora-gcc 1.0.0 147.12 NOTE
r-devel-windows-x86_64 1.0.0 24.00 162.00 186.00 OK
r-patched-linux-x86_64 1.0.0 2.42 106.52 108.94 OK
r-release-linux-x86_64 1.0.0 2.51 106.35 108.86 OK
r-release-macos-arm64 1.0.0 52.00 NOTE
r-release-macos-x86_64 1.0.0 83.00 NOTE
r-release-windows-x86_64 1.0.0 20.00 174.00 194.00 OK
r-oldrel-macos-arm64 1.0.0 55.00 NOTE
r-oldrel-macos-x86_64 1.0.0 125.00 NOTE
r-oldrel-windows-ix86+x86_64 1.0.0 7.00 150.00 157.00 OK

Check Details

Version: 1.0.0
Check: data for non-ASCII characters
Result: NOTE
     Note: found 1 marked Latin-1 string
     Note: found 360 marked UTF-8 strings
Flavors: r-devel-linux-x86_64-fedora-clang, r-devel-linux-x86_64-fedora-gcc, r-release-macos-arm64, r-release-macos-x86_64, r-oldrel-macos-arm64, r-oldrel-macos-x86_64