Last updated on 2024-04-22 12:55:36 CEST.
Flavor | Version | Tinstall | Tcheck | Ttotal | Status | Flags |
---|---|---|---|---|---|---|
r-devel-linux-x86_64-debian-clang | 0.1.0 | 1.83 | 20.44 | 22.27 | NOTE | |
r-devel-linux-x86_64-debian-gcc | 0.1.0 | 1.60 | 16.24 | 17.84 | NOTE | |
r-devel-linux-x86_64-fedora-clang | 0.1.0 | 29.49 | NOTE | |||
r-devel-linux-x86_64-fedora-gcc | 0.1.0 | 27.23 | NOTE | |||
r-prerel-macos-arm64 | 0.1.0 | 14.00 | NOTE | |||
r-prerel-windows-x86_64 | 0.1.0 | 3.00 | 37.00 | 40.00 | NOTE | |
r-patched-linux-x86_64 | 0.1.0 | 2.17 | 20.25 | 22.42 | NOTE | |
r-release-linux-x86_64 | 0.1.0 | 1.83 | 19.64 | 21.47 | NOTE | |
r-release-macos-arm64 | 0.1.0 | 16.00 | NOTE | |||
r-release-macos-x86_64 | 0.1.0 | 20.00 | NOTE | |||
r-release-windows-x86_64 | 0.1.0 | 4.00 | 38.00 | 42.00 | NOTE | |
r-oldrel-macos-arm64 | 0.1.0 | 14.00 | NOTE | |||
r-oldrel-windows-x86_64 | 0.1.0 | 4.00 | 41.00 | 45.00 | NOTE |
Version: 0.1.0
Check: LazyData
Result: NOTE
'LazyData' is specified without a 'data' directory
Flavors: r-devel-linux-x86_64-debian-clang, r-devel-linux-x86_64-debian-gcc, r-devel-linux-x86_64-fedora-clang, r-devel-linux-x86_64-fedora-gcc, r-prerel-macos-arm64, r-prerel-windows-x86_64, r-patched-linux-x86_64, r-release-linux-x86_64, r-release-macos-arm64, r-release-macos-x86_64, r-release-windows-x86_64, r-oldrel-macos-arm64, r-oldrel-windows-x86_64