CRAN Package Check Results for Package datastructures

Last updated on 2022-07-04 12:54:07 CEST.

Flavor Version Tinstall Tcheck Ttotal Status Flags
r-devel-linux-x86_64-debian-clang 0.2.9 175.95 163.00 338.95 OK
r-devel-linux-x86_64-debian-gcc 0.2.9 176.43 119.58 296.01 OK
r-devel-linux-x86_64-fedora-clang 0.2.9 479.68 NOTE
r-devel-linux-x86_64-fedora-gcc 0.2.9 487.35 NOTE
r-devel-windows-x86_64 0.2.9 263.00 233.00 496.00 OK
r-patched-linux-x86_64 0.2.9 187.06 155.15 342.21 OK
r-release-linux-x86_64 0.2.9 182.92 159.67 342.59 OK
r-release-macos-arm64 0.2.9 105.00 NOTE
r-release-macos-x86_64 0.2.9 147.00 NOTE
r-release-windows-x86_64 0.2.9 263.00 229.00 492.00 OK
r-oldrel-macos-arm64 0.2.9 118.00 NOTE
r-oldrel-macos-x86_64 0.2.9 245.00 NOTE
r-oldrel-windows-ix86+x86_64 0.2.9 421.00 269.00 690.00 NOTE

Check Details

Version: 0.2.9
Check: installed package size
Result: NOTE
     installed size is 40.8Mb
     sub-directories of 1Mb or more:
     libs 39.9Mb
Flavors: r-devel-linux-x86_64-fedora-clang, r-release-macos-arm64, r-release-macos-x86_64, r-oldrel-macos-arm64, r-oldrel-macos-x86_64, r-oldrel-windows-ix86+x86_64

Version: 0.2.9
Check: top-level files
Result: NOTE
    ‘cleanup’: ‘env bash’ is not portable as bash need not be installed
Flavors: r-devel-linux-x86_64-fedora-clang, r-devel-linux-x86_64-fedora-gcc