Last updated on 2025-11-04 11:52:28 CET.
| Flavor | Version | Tinstall | Tcheck | Ttotal | Status | Flags | 
|---|---|---|---|---|---|---|
| r-devel-linux-x86_64-debian-clang | 1.0 | 1.27 | 21.10 | 22.37 | NOTE | |
| r-devel-linux-x86_64-debian-gcc | 1.0 | 1.11 | 17.04 | 18.15 | NOTE | |
| r-devel-linux-x86_64-fedora-clang | 1.0 | 32.12 | OK | |||
| r-devel-linux-x86_64-fedora-gcc | 1.0 | 31.70 | OK | |||
| r-devel-windows-x86_64 | 1.0 | 2.00 | 40.00 | 42.00 | OK | |
| r-patched-linux-x86_64 | 1.0 | 1.59 | 19.99 | 21.58 | OK | |
| r-release-linux-x86_64 | 1.0 | 1.37 | 19.97 | 21.34 | OK | |
| r-release-macos-arm64 | 1.0 | 1.00 | 14.00 | 15.00 | OK | |
| r-release-macos-x86_64 | 1.0 | 1.00 | 23.00 | 24.00 | OK | |
| r-release-windows-x86_64 | 1.0 | 3.00 | 39.00 | 42.00 | OK | |
| r-oldrel-macos-arm64 | 1.0 | 1.00 | 13.00 | 14.00 | OK | |
| r-oldrel-macos-x86_64 | 1.0 | 1.00 | 24.00 | 25.00 | OK | |
| r-oldrel-windows-x86_64 | 1.0 | 2.00 | 40.00 | 42.00 | OK | 
Version: 1.0
Check: CRAN incoming feasibility
Result: NOTE
  Maintainer: ‘Paolo Giordani <paolo.giordani@uniroma1.it>’
  
  No Authors@R field in DESCRIPTION.
  Please add one, modifying
    Authors@R: c(person(given = "Paolo",
                        family = "Giordani",
                        role = c("aut", "cre"),
                        email = "paolo.giordani@uniroma1.it"),
                 person(given = c("Maria", "Brigida"),
                        family = "Ferraro",
                        role = "aut"),
                 person(given = "Francesca",
                        family = "Martella",
                        role = "aut"))
  as necessary.
  
  Package CITATION file contains call(s) to old-style personList() or
  as.personList().  Please use c() on person objects instead.
  Package CITATION file contains call(s) to old-style citEntry().  Please
  use bibentry() instead.
Flavors: r-devel-linux-x86_64-debian-clang, r-devel-linux-x86_64-debian-gcc