Last updated on 2025-04-29 12:52:33 CEST.
Flavor | Version | Tinstall | Tcheck | Ttotal | Status | Flags |
---|---|---|---|---|---|---|
r-devel-linux-x86_64-debian-clang | 1.0 | 1.40 | 19.54 | 20.94 | NOTE | |
r-devel-linux-x86_64-debian-gcc | 1.0 | 1.22 | 15.61 | 16.83 | NOTE | |
r-devel-linux-x86_64-fedora-clang | 1.0 | 31.13 | OK | |||
r-devel-linux-x86_64-fedora-gcc | 1.0 | 31.05 | OK | |||
r-devel-windows-x86_64 | 1.0 | 2.00 | 42.00 | 44.00 | OK | |
r-patched-linux-x86_64 | 1.0 | 1.76 | 18.49 | 20.25 | OK | |
r-release-linux-x86_64 | 1.0 | 1.51 | 18.50 | 20.01 | OK | |
r-release-macos-arm64 | 1.0 | 15.00 | OK | |||
r-release-macos-x86_64 | 1.0 | 24.00 | OK | |||
r-release-windows-x86_64 | 1.0 | 3.00 | 45.00 | 48.00 | OK | |
r-oldrel-macos-arm64 | 1.0 | 14.00 | OK | |||
r-oldrel-macos-x86_64 | 1.0 | 25.00 | OK | |||
r-oldrel-windows-x86_64 | 1.0 | 2.00 | 40.00 | 42.00 | OK |
Version: 1.0
Check: CRAN incoming feasibility
Result: NOTE
Maintainer: ‘Paolo Giordani <paolo.giordani@uniroma1.it>’
No Authors@R field in DESCRIPTION.
Please add one, modifying
Authors@R: c(person(given = "Paolo",
family = "Giordani",
role = c("aut", "cre"),
email = "paolo.giordani@uniroma1.it"),
person(given = c("Maria", "Brigida"),
family = "Ferraro",
role = "aut"),
person(given = "Francesca",
family = "Martella",
role = "aut"))
as necessary.
Package CITATION file contains call(s) to old-style personList() or
as.personList(). Please use c() on person objects instead.
Package CITATION file contains call(s) to old-style citEntry(). Please
use bibentry() instead.
Flavors: r-devel-linux-x86_64-debian-clang, r-devel-linux-x86_64-debian-gcc