Last updated on 2023-12-09 11:49:21 CET.
Flavor | Version | Tinstall | Tcheck | Ttotal | Status | Flags |
---|---|---|---|---|---|---|
r-devel-linux-x86_64-debian-clang | 3.1.0 | 2.90 | 38.52 | 41.42 | NOTE | |
r-devel-linux-x86_64-debian-gcc | 3.1.0 | 2.62 | 29.80 | 32.42 | NOTE | |
r-devel-linux-x86_64-fedora-clang | 3.1.0 | 53.49 | NOTE | |||
r-devel-linux-x86_64-fedora-gcc | 3.1.0 | 60.80 | NOTE | |||
r-devel-windows-x86_64 | 3.1.0 | 4.00 | 54.00 | 58.00 | NOTE | |
r-patched-linux-x86_64 | 3.1.0 | 2.28 | 37.08 | 39.36 | NOTE | |
r-release-linux-x86_64 | 3.1.0 | 2.67 | 35.37 | 38.04 | NOTE | |
r-release-macos-arm64 | 3.1.0 | 26.00 | NOTE | |||
r-release-macos-x86_64 | 3.1.0 | 41.00 | NOTE | |||
r-release-windows-x86_64 | 3.1.0 | 7.00 | 55.00 | 62.00 | NOTE | |
r-oldrel-macos-arm64 | 3.1.0 | 18.00 | NOTE | |||
r-oldrel-macos-x86_64 | 3.1.0 | 32.00 | NOTE | |||
r-oldrel-windows-x86_64 | 3.1.0 | 6.00 | 55.00 | 61.00 | NOTE |
Version: 3.1.0
Check: LazyData
Result: NOTE
'LazyData' is specified without a 'data' directory
Flavors: r-devel-linux-x86_64-debian-clang, r-devel-linux-x86_64-debian-gcc, r-devel-linux-x86_64-fedora-clang, r-devel-linux-x86_64-fedora-gcc, r-devel-windows-x86_64, r-patched-linux-x86_64, r-release-linux-x86_64, r-release-macos-arm64, r-release-macos-x86_64, r-release-windows-x86_64, r-oldrel-macos-arm64, r-oldrel-macos-x86_64, r-oldrel-windows-x86_64