Last updated on 2024-03-28 09:51:40 CET.
Flavor | Version | Tinstall | Tcheck | Ttotal | Status | Flags |
---|---|---|---|---|---|---|
r-devel-linux-x86_64-debian-clang | 1.0.3 | 11.40 | 65.26 | 76.66 | OK | |
r-devel-linux-x86_64-debian-gcc | 1.0.3 | 9.17 | 50.96 | 60.13 | OK | |
r-devel-linux-x86_64-fedora-clang | 1.0.3 | 96.09 | NOTE | |||
r-devel-linux-x86_64-fedora-gcc | 1.0.3 | 95.81 | NOTE | |||
r-devel-windows-x86_64 | 1.0.3 | 14.00 | 98.00 | 112.00 | OK | |
r-patched-linux-x86_64 | 1.0.3 | 13.63 | 63.85 | 77.48 | OK | |
r-release-linux-x86_64 | 1.0.3 | 12.26 | 64.55 | 76.81 | OK | |
r-release-macos-arm64 | 1.0.3 | 32.00 | NOTE | |||
r-release-macos-x86_64 | 1.0.3 | 66.00 | NOTE | |||
r-release-windows-x86_64 | 1.0.3 | 17.00 | 114.00 | 131.00 | OK | |
r-oldrel-macos-arm64 | 1.0.3 | 35.00 | NOTE | |||
r-oldrel-windows-x86_64 | 1.0.3 | 19.00 | 98.00 | 117.00 | OK |
Version: 1.0.3
Check: dependencies in R code
Result: NOTE
Namespace in Imports field not imported from: ‘lattice’
All declared Imports should be used.
Flavors: r-devel-linux-x86_64-fedora-clang, r-devel-linux-x86_64-fedora-gcc
Version: 1.0.3
Check: data for non-ASCII characters
Result: NOTE
Note: found 72720 marked Latin-1 strings
Flavors: r-devel-linux-x86_64-fedora-clang, r-devel-linux-x86_64-fedora-gcc
Version: 1.0.3
Check: installed package size
Result: NOTE
installed size is 5.1Mb
sub-directories of 1Mb or more:
data 4.7Mb
Flavors: r-release-macos-arm64, r-release-macos-x86_64, r-oldrel-macos-arm64