Last updated on 2024-03-28 09:51:40 CET.
Flavor | Version | Tinstall | Tcheck | Ttotal | Status | Flags |
---|---|---|---|---|---|---|
r-devel-linux-x86_64-debian-clang | 0.2.1 | 6.52 | 55.20 | 61.72 | OK | |
r-devel-linux-x86_64-debian-gcc | 0.2.1 | 5.66 | 42.21 | 47.87 | OK | |
r-devel-linux-x86_64-fedora-clang | 0.2.1 | 84.11 | NOTE | |||
r-devel-linux-x86_64-fedora-gcc | 0.2.1 | 77.47 | OK | |||
r-devel-windows-x86_64 | 0.2.1 | 7.00 | 64.00 | 71.00 | OK | |
r-patched-linux-x86_64 | 0.2.1 | 4.98 | 53.36 | 58.34 | OK | |
r-release-linux-x86_64 | 0.2.1 | 4.71 | 54.59 | 59.30 | OK | |
r-release-macos-arm64 | 0.2.1 | 35.00 | OK | |||
r-release-macos-x86_64 | 0.2.1 | 50.00 | OK | |||
r-release-windows-x86_64 | 0.2.1 | 9.00 | 71.00 | 80.00 | OK | |
r-oldrel-macos-arm64 | 0.2.1 | 33.00 | OK | |||
r-oldrel-windows-x86_64 | 0.2.1 | 11.00 | 71.00 | 82.00 | OK |
Version: 0.2.1
Check: Rd cross-references
Result: NOTE
Undeclared package ‘tidyselect’ in Rd xrefs
Flavor: r-devel-linux-x86_64-fedora-clang