Last updated on 2024-04-26 12:54:29 CEST.
Flavor | Version | Tinstall | Tcheck | Ttotal | Status | Flags |
---|---|---|---|---|---|---|
r-devel-linux-x86_64-debian-clang | 1.15.4 | 46.73 | 278.72 | 325.45 | NOTE | |
r-devel-linux-x86_64-debian-gcc | 1.15.4 | 35.52 | 225.82 | 261.34 | NOTE | |
r-devel-linux-x86_64-fedora-clang | 1.15.4 | 444.30 | NOTE | |||
r-devel-linux-x86_64-fedora-gcc | 1.15.4 | 436.05 | NOTE | |||
r-devel-windows-x86_64 | 1.15.4 | 56.00 | 566.00 | 622.00 | NOTE | |
r-patched-linux-x86_64 | 1.15.4 | 52.51 | 290.21 | 342.72 | OK | |
r-release-linux-x86_64 | 1.15.4 | 47.77 | 290.50 | 338.27 | OK | |
r-release-macos-arm64 | 1.15.4 | 111.00 | NOTE | |||
r-release-macos-x86_64 | 1.15.4 | 405.00 | NOTE | |||
r-release-windows-x86_64 | 1.15.4 | 58.00 | 567.00 | 625.00 | OK | |
r-oldrel-macos-arm64 | 1.15.4 | 150.00 | OK | |||
r-oldrel-macos-x86_64 | 1.15.4 | 412.00 | NOTE | |||
r-oldrel-windows-x86_64 | 1.15.4 | 58.00 | 2215.00 | 2273.00 | OK |
Version: 1.15.4
Check: compiled code
Result: NOTE
File ‘data.table/libs/data_table.so’:
Found non-API calls to R: ‘SETLENGTH’, ‘SET_S4_OBJECT’,
‘SET_TRUELENGTH’, ‘UNSET_S4_OBJECT’
Compiled code should not call non-API entry points in R.
See ‘Writing portable packages’ in the ‘Writing R Extensions’ manual.
Flavors: r-devel-linux-x86_64-debian-clang, r-devel-linux-x86_64-debian-gcc, r-devel-linux-x86_64-fedora-clang, r-devel-linux-x86_64-fedora-gcc
Version: 1.15.4
Check: compiled code
Result: NOTE
File 'data.table/libs/x64/data_table.dll':
Found non-API calls to R: 'SETLENGTH', 'SET_S4_OBJECT',
'SET_TRUELENGTH', 'UNSET_S4_OBJECT'
Compiled code should not call non-API entry points in R.
See 'Writing portable packages' in the 'Writing R Extensions' manual.
Flavor: r-devel-windows-x86_64
Version: 1.15.4
Check: Rd cross-references
Result: NOTE
Package unavailable to check Rd xrefs: ‘yaml’
Flavor: r-release-macos-arm64
Version: 1.15.4
Check: installed package size
Result: NOTE
installed size is 5.0Mb
sub-directories of 1Mb or more:
libs 1.8Mb
Flavors: r-release-macos-x86_64, r-oldrel-macos-x86_64