CRAN Package Check Results for Package dagitty

Last updated on 2022-07-03 11:53:35 CEST.

Flavor Version Tinstall Tcheck Ttotal Status Flags
r-devel-linux-x86_64-debian-clang 0.3-1 6.04 56.51 62.55 NOTE
r-devel-linux-x86_64-debian-gcc 0.3-1 4.31 43.62 47.93 NOTE
r-devel-linux-x86_64-fedora-clang 0.3-1 86.40 NOTE
r-devel-linux-x86_64-fedora-gcc 0.3-1 84.61 NOTE
r-devel-windows-x86_64 0.3-1 32.00 80.00 112.00 NOTE
r-patched-linux-x86_64 0.3-1 6.86 54.86 61.72 NOTE
r-release-linux-x86_64 0.3-1 4.67 55.80 60.47 NOTE
r-release-macos-arm64 0.3-1 27.00 NOTE
r-release-macos-x86_64 0.3-1 40.00 NOTE
r-release-windows-x86_64 0.3-1 33.00 86.00 119.00 NOTE
r-oldrel-macos-arm64 0.3-1 30.00 NOTE
r-oldrel-macos-x86_64 0.3-1 49.00 NOTE
r-oldrel-windows-ix86+x86_64 0.3-1 15.00 84.00 99.00 NOTE

Check Details

Version: 0.3-1
Check: LazyData
Result: NOTE
     'LazyData' is specified without a 'data' directory
Flavors: r-devel-linux-x86_64-debian-clang, r-devel-linux-x86_64-debian-gcc, r-devel-linux-x86_64-fedora-clang, r-devel-linux-x86_64-fedora-gcc, r-devel-windows-x86_64, r-patched-linux-x86_64, r-release-linux-x86_64, r-release-macos-arm64, r-release-macos-x86_64, r-release-windows-x86_64, r-oldrel-macos-arm64, r-oldrel-macos-x86_64, r-oldrel-windows-ix86+x86_64