Last updated on 2024-04-23 10:54:00 CEST.
Flavor | Version | Tinstall | Tcheck | Ttotal | Status | Flags |
---|---|---|---|---|---|---|
r-devel-linux-x86_64-debian-clang | 1.0.0 | 6.75 | 74.03 | 80.78 | OK | |
r-devel-linux-x86_64-debian-gcc | 1.0.0 | 6.19 | 56.25 | 62.44 | OK | |
r-devel-linux-x86_64-fedora-clang | 1.0.0 | 110.01 | NOTE | |||
r-devel-linux-x86_64-fedora-gcc | 1.0.0 | 118.85 | NOTE | |||
r-prerel-macos-arm64 | 1.0.0 | 43.00 | OK | |||
r-prerel-windows-x86_64 | 1.0.0 | 9.00 | 76.00 | 85.00 | OK | |
r-patched-linux-x86_64 | 1.0.0 | 8.86 | 71.32 | 80.18 | OK | |
r-release-linux-x86_64 | 1.0.0 | 5.36 | 70.85 | 76.21 | OK | |
r-release-macos-arm64 | 1.0.0 | 42.00 | OK | |||
r-release-macos-x86_64 | 1.0.0 | 63.00 | OK | |||
r-release-windows-x86_64 | 1.0.0 | 10.00 | 87.00 | 97.00 | OK | |
r-oldrel-macos-arm64 | 1.0.0 | 42.00 | NOTE | |||
r-oldrel-windows-x86_64 | 1.0.0 | 12.00 | 91.00 | 103.00 | OK |
Version: 1.0.0
Check: data for non-ASCII characters
Result: NOTE
Note: found 2020 marked UTF-8 strings
Flavors: r-devel-linux-x86_64-fedora-clang, r-devel-linux-x86_64-fedora-gcc, r-oldrel-macos-arm64