CRAN Package Check Results for Package dadjoke

Last updated on 2025-02-21 10:51:35 CET.

Flavor Version Tinstall Tcheck Ttotal Status Flags
r-devel-linux-x86_64-debian-clang 1.0 1.33 14.87 16.20 OK
r-devel-linux-x86_64-debian-gcc 1.0 1.26 12.43 13.69 OK
r-devel-linux-x86_64-fedora-clang 1.0 26.14 OK
r-devel-linux-x86_64-fedora-gcc 1.0 24.96 OK
r-devel-macos-arm64 1.0 13.00 OK
r-devel-macos-x86_64 1.0 21.00 OK
r-devel-windows-x86_64 1.0 2.00 35.00 37.00 OK
r-patched-linux-x86_64 1.0 1.32 14.35 15.67 NOTE
r-release-linux-x86_64 1.0 1.35 14.30 15.65 NOTE
r-release-macos-arm64 1.0 13.00 NOTE
r-release-macos-x86_64 1.0 19.00 NOTE
r-release-windows-x86_64 1.0 3.00 32.00 35.00 NOTE
r-oldrel-macos-arm64 1.0 14.00 NOTE
r-oldrel-macos-x86_64 1.0 17.00 NOTE
r-oldrel-windows-x86_64 1.0 4.00 32.00 36.00 NOTE

Check Details

Version: 1.0
Check: LazyData
Result: NOTE 'LazyData' is specified without a 'data' directory Flavors: r-patched-linux-x86_64, r-release-linux-x86_64, r-release-macos-arm64, r-release-macos-x86_64, r-release-windows-x86_64, r-oldrel-macos-arm64, r-oldrel-macos-x86_64, r-oldrel-windows-x86_64