Last updated on 2025-04-29 12:52:34 CEST.
Flavor | Version | Tinstall | Tcheck | Ttotal | Status | Flags |
---|---|---|---|---|---|---|
r-devel-linux-x86_64-debian-clang | 1.0 | 24.88 | 213.05 | 237.93 | NOTE | |
r-devel-linux-x86_64-debian-gcc | 1.0 | 16.92 | 154.98 | 171.90 | NOTE | |
r-devel-linux-x86_64-fedora-clang | 1.0 | 393.33 | OK | |||
r-devel-linux-x86_64-fedora-gcc | 1.0 | 356.09 | OK | |||
r-devel-windows-x86_64 | 1.0 | 21.00 | 177.00 | 198.00 | OK | |
r-patched-linux-x86_64 | 1.0 | 21.73 | 200.94 | 222.67 | OK | |
r-release-linux-x86_64 | 1.0 | 20.78 | 198.85 | 219.63 | OK | |
r-release-macos-arm64 | 1.0 | 107.00 | OK | |||
r-release-macos-x86_64 | 1.0 | 187.00 | OK | |||
r-release-windows-x86_64 | 1.0 | 22.00 | 185.00 | 207.00 | OK | |
r-oldrel-macos-arm64 | 1.0 | 94.00 | OK | |||
r-oldrel-macos-x86_64 | 1.0 | 140.00 | OK | |||
r-oldrel-windows-x86_64 | 1.0 | 22.00 | 179.00 | 201.00 | OK |
Version: 1.0
Check: CRAN incoming feasibility
Result: NOTE
Maintainer: ‘Seunggeun (Shawn) Lee <leeshawn@umich.edu>’
No Authors@R field in DESCRIPTION.
Please add one, modifying
Authors@R: c(person(given = "Seunggeun",
family = "Lee",
role = "aut",
comment = "Shawn"),
person(given = "Seunggeun",
family = "Lee",
role = "cre",
email = "leeshawn@umich.edu",
comment = "Shawn"))
as necessary.
Flavors: r-devel-linux-x86_64-debian-clang, r-devel-linux-x86_64-debian-gcc
Version: 1.0
Check: examples
Result: NOTE
Examples with CPU (user + system) or elapsed time > 5s
user system elapsed
dSVA 10.261 0.178 12.062
Flavor: r-devel-linux-x86_64-debian-clang
Version: 1.0
Check: examples
Result: NOTE
Examples with CPU (user + system) or elapsed time > 5s
user system elapsed
dSVA 8.715 0.138 11.666
Flavor: r-devel-linux-x86_64-debian-gcc