Last updated on 2022-07-02 12:53:01 CEST.
Flavor | Version | Tinstall | Tcheck | Ttotal | Status | Flags |
---|---|---|---|---|---|---|
r-devel-linux-x86_64-debian-clang | 0.2.2 | 5.77 | 54.43 | 60.20 | OK | |
r-devel-linux-x86_64-debian-gcc | 0.2.2 | 4.84 | 39.87 | 44.71 | OK | |
r-devel-linux-x86_64-fedora-clang | 0.2.2 | 80.06 | NOTE | |||
r-devel-linux-x86_64-fedora-gcc | 0.2.2 | 79.81 | NOTE | |||
r-devel-windows-x86_64 | 0.2.2 | 19.00 | 75.00 | 94.00 | OK | |
r-patched-linux-x86_64 | 0.2.2 | 4.90 | 50.84 | 55.74 | OK | |
r-release-linux-x86_64 | 0.2.2 | 5.74 | 50.81 | 56.55 | OK | |
r-release-macos-arm64 | 0.2.2 | 22.00 | NOTE | |||
r-release-macos-x86_64 | 0.2.2 | 44.00 | NOTE | |||
r-release-windows-x86_64 | 0.2.2 | 35.00 | 77.00 | 112.00 | OK | |
r-oldrel-macos-arm64 | 0.2.2 | 28.00 | NOTE | |||
r-oldrel-macos-x86_64 | 0.2.2 | 41.00 | NOTE | |||
r-oldrel-windows-ix86+x86_64 | 0.2.2 | 16.00 | 66.00 | 82.00 | OK |
Version: 0.2.2
Check: dependencies in R code
Result: NOTE
Namespace in Imports field not imported from: ‘magrittr’
All declared Imports should be used.
Flavors: r-devel-linux-x86_64-fedora-clang, r-devel-linux-x86_64-fedora-gcc, r-release-macos-arm64, r-release-macos-x86_64, r-oldrel-macos-arm64, r-oldrel-macos-x86_64