Last updated on 2024-04-18 12:52:41 CEST.
Flavor | Version | Tinstall | Tcheck | Ttotal | Status | Flags |
---|---|---|---|---|---|---|
r-devel-linux-x86_64-debian-clang | 1.0.42 | 5.50 | 58.01 | 63.51 | OK | |
r-devel-linux-x86_64-debian-gcc | 1.0.42 | 5.76 | 44.79 | 50.55 | OK | |
r-devel-linux-x86_64-fedora-clang | 1.0.42 | 87.97 | NOTE | |||
r-devel-linux-x86_64-fedora-gcc | 1.0.42 | 98.59 | OK | |||
r-prerel-macos-arm64 | 1.0.42 | 34.00 | NOTE | |||
r-prerel-macos-x86_64 | 1.0.42 | 66.00 | NOTE | |||
r-prerel-windows-x86_64 | 1.0.42 | 8.00 | 67.00 | 75.00 | NOTE | |
r-patched-linux-x86_64 | 1.0.42 | 6.33 | 56.65 | 62.98 | OK | |
r-release-linux-x86_64 | 1.0.42 | 6.77 | 54.84 | 61.61 | OK | |
r-release-macos-arm64 | 1.0.42 | 37.00 | NOTE | |||
r-release-macos-x86_64 | 1.0.42 | 46.00 | NOTE | |||
r-release-windows-x86_64 | 1.0.42 | 10.00 | 72.00 | 82.00 | NOTE | |
r-oldrel-macos-arm64 | 1.0.42 | 32.00 | NOTE | |||
r-oldrel-windows-x86_64 | 1.0.42 | 10.00 | 79.00 | 89.00 | NOTE |
Version: 1.0.42
Check: installed package size
Result: NOTE
installed size is 5.9Mb
sub-directories of 1Mb or more:
docs 1.0Mb
extdata 1.4Mb
htmlwidgets 1.5Mb
Flavors: r-devel-linux-x86_64-fedora-clang, r-prerel-macos-arm64, r-prerel-macos-x86_64, r-prerel-windows-x86_64, r-release-macos-arm64, r-release-macos-x86_64, r-release-windows-x86_64, r-oldrel-macos-arm64, r-oldrel-windows-x86_64
Version: 1.0.42
Check: package dependencies
Result: NOTE
Package suggested but not available for checking: ‘BiocStyle’
Flavor: r-prerel-macos-x86_64