Last updated on 2024-03-28 09:51:40 CET.
Flavor | Version | Tinstall | Tcheck | Ttotal | Status | Flags |
---|---|---|---|---|---|---|
r-devel-linux-x86_64-debian-clang | 0.2.0 | 28.43 | 283.30 | 311.73 | NOTE | |
r-devel-linux-x86_64-debian-gcc | 0.2.0 | 24.95 | 204.12 | 229.07 | NOTE | |
r-devel-linux-x86_64-fedora-clang | 0.2.0 | 369.77 | NOTE | |||
r-devel-linux-x86_64-fedora-gcc | 0.2.0 | 370.03 | NOTE | |||
r-devel-windows-x86_64 | 0.2.0 | 24.00 | 165.00 | 189.00 | NOTE | |
r-patched-linux-x86_64 | 0.2.0 | 31.69 | 276.33 | 308.02 | NOTE | |
r-release-linux-x86_64 | 0.2.0 | 27.11 | 275.15 | 302.26 | NOTE | |
r-release-macos-arm64 | 0.2.0 | 87.00 | NOTE | |||
r-release-macos-x86_64 | 0.2.0 | 149.00 | NOTE | |||
r-release-windows-x86_64 | 0.2.0 | 34.00 | 227.00 | 261.00 | NOTE | |
r-oldrel-macos-arm64 | 0.2.0 | 64.00 | NOTE | |||
r-oldrel-windows-x86_64 | 0.2.0 | 34.00 | 229.00 | 263.00 | NOTE |
Version: 0.2.0
Check: LazyData
Result: NOTE
'LazyData' is specified without a 'data' directory
Flavors: r-devel-linux-x86_64-debian-clang, r-devel-linux-x86_64-debian-gcc, r-devel-linux-x86_64-fedora-clang, r-devel-linux-x86_64-fedora-gcc, r-devel-windows-x86_64, r-patched-linux-x86_64, r-release-linux-x86_64, r-release-macos-arm64, r-release-macos-x86_64, r-release-windows-x86_64, r-oldrel-macos-arm64, r-oldrel-windows-x86_64