Last updated on 2024-08-31 11:49:25 CEST.
Flavor | Version | Tinstall | Tcheck | Ttotal | Status | Flags |
---|---|---|---|---|---|---|
r-devel-linux-x86_64-debian-clang | 1.0.0 | 11.16 | 153.53 | 164.69 | OK | |
r-devel-linux-x86_64-debian-gcc | 1.0.0 | 6.94 | 101.75 | 108.69 | OK | |
r-devel-linux-x86_64-fedora-clang | 1.0.0 | 260.49 | OK | |||
r-devel-linux-x86_64-fedora-gcc | 1.0.0 | 265.67 | OK | |||
r-devel-windows-x86_64 | 1.0.0 | 11.00 | 156.00 | 167.00 | OK | |
r-patched-linux-x86_64 | 1.0.0 | 10.64 | 140.36 | 151.00 | OK | |
r-release-linux-x86_64 | 1.0.0 | 9.05 | 141.52 | 150.57 | OK | |
r-release-macos-arm64 | 1.0.0 | 87.00 | OK | |||
r-release-macos-x86_64 | 1.0.0 | 194.00 | NOTE | |||
r-release-windows-x86_64 | 1.0.0 | 14.00 | 177.00 | 191.00 | OK | |
r-oldrel-macos-arm64 | 1.0.0 | 181.00 | OK | |||
r-oldrel-macos-x86_64 | 1.0.0 | 192.00 | OK | |||
r-oldrel-windows-x86_64 | 1.0.0 | 15.00 | 200.00 | 215.00 | OK |
Version: 1.0.0
Check: installed package size
Result: NOTE
installed size is 5.6Mb
sub-directories of 1Mb or more:
data 3.1Mb
doc 1.3Mb
Flavor: r-release-macos-x86_64