CRAN Package Check Results for Package ctsemOMX

Last updated on 2022-06-29 11:52:06 CEST.

Flavor Version Tinstall Tcheck Ttotal Status Flags
r-devel-linux-x86_64-debian-clang 1.0.4 0.61 3.18 3.79 ERROR
r-devel-linux-x86_64-debian-gcc 1.0.4 23.16 541.64 564.80 OK
r-devel-linux-x86_64-fedora-clang 1.0.4 926.83 OK
r-devel-linux-x86_64-fedora-gcc 1.0.4 894.34 OK
r-devel-windows-x86_64 1.0.4 44.00 290.00 334.00 OK --no-vignettes
r-patched-linux-x86_64 1.0.4 30.23 720.41 750.64 OK
r-release-linux-x86_64 1.0.4 0.71 3.13 3.84 ERROR
r-release-macos-arm64 1.0.4 269.00 OK
r-release-macos-x86_64 1.0.4 392.00 OK
r-release-windows-x86_64 1.0.4 46.00 370.00 416.00 OK --no-vignettes
r-oldrel-macos-arm64 1.0.4 236.00 OK
r-oldrel-macos-x86_64 1.0.4 229.00 OK
r-oldrel-windows-ix86+x86_64 1.0.4 61.00 272.00 333.00 OK --no-vignettes

Check Details

Version: 1.0.4
Check: package dependencies
Result: ERROR
    Package required but not available: 'ctsem'
    
    See section 'The DESCRIPTION file' in the 'Writing R Extensions'
    manual.
Flavors: r-devel-linux-x86_64-debian-clang, r-release-linux-x86_64