Last updated on 2024-04-19 11:56:42 CEST.
Flavor | Version | Tinstall | Tcheck | Ttotal | Status | Flags |
---|---|---|---|---|---|---|
r-devel-linux-x86_64-debian-clang | 1.0.6 | 44.92 | 729.78 | 774.70 | OK | |
r-devel-linux-x86_64-debian-gcc | 1.0.6 | OK | ||||
r-devel-linux-x86_64-fedora-clang | 1.0.6 | 928.19 | OK | |||
r-devel-linux-x86_64-fedora-gcc | 1.0.6 | 892.83 | OK | |||
r-prerel-macos-arm64 | 1.0.6 | 198.00 | OK | |||
r-prerel-macos-x86_64 | 1.0.6 | 8.00 | ERROR | |||
r-prerel-windows-x86_64 | 1.0.6 | 28.00 | 216.00 | 244.00 | OK | --no-vignettes |
r-patched-linux-x86_64 | 1.0.6 | 0.39 | 2.22 | 2.61 | ERROR | |
r-release-linux-x86_64 | 1.0.6 | 0.39 | 2.21 | 2.60 | ERROR | |
r-release-macos-arm64 | 1.0.6 | 10.00 | ERROR | |||
r-release-macos-x86_64 | 1.0.6 | 494.00 | OK | |||
r-release-windows-x86_64 | 1.0.6 | 38.00 | 257.00 | 295.00 | OK | --no-vignettes |
r-oldrel-macos-arm64 | 1.0.6 | 234.00 | OK | |||
r-oldrel-windows-x86_64 | 1.0.6 | 40.00 | 290.00 | 330.00 | OK | --no-vignettes |
Version: 1.0.6
Check: package dependencies
Result: ERROR
Package required but not available: ‘ctsem’
See section ‘The DESCRIPTION file’ in the ‘Writing R Extensions’
manual.
Flavors: r-prerel-macos-x86_64, r-patched-linux-x86_64, r-release-linux-x86_64, r-release-macos-arm64