Last updated on 2024-04-24 11:20:47 CEST.
Flavor | Version | Tinstall | Tcheck | Ttotal | Status | Flags |
---|---|---|---|---|---|---|
r-devel-linux-x86_64-debian-clang | 0.2.5 | 16.31 | 119.51 | 135.82 | OK | |
r-devel-linux-x86_64-debian-gcc | 0.2.5 | 12.63 | 92.12 | 104.75 | OK | |
r-devel-linux-x86_64-fedora-clang | 0.2.5 | 168.16 | NOTE | |||
r-devel-linux-x86_64-fedora-gcc | 0.2.5 | 173.31 | NOTE | |||
r-devel-windows-x86_64 | 0.2.5 | 15.00 | 101.00 | 116.00 | OK | |
r-patched-linux-x86_64 | 0.2.5 | 14.10 | 115.84 | 129.94 | OK | |
r-release-linux-x86_64 | 0.2.5 | 12.37 | 116.98 | 129.35 | OK | |
r-release-macos-arm64 | 0.2.5 | 55.00 | OK | |||
r-release-windows-x86_64 | 0.2.5 | 14.00 | 98.00 | 112.00 | OK | |
r-oldrel-macos-arm64 | 0.2.5 | 64.00 | NOTE | |||
r-oldrel-macos-x86_64 | 0.2.5 | 93.00 | OK | |||
r-oldrel-windows-x86_64 | 0.2.5 | 19.00 | 136.00 | 155.00 | OK |
Version: 0.2.5
Check: data for non-ASCII characters
Result: NOTE
Note: found 1350 marked UTF-8 strings
Flavors: r-devel-linux-x86_64-fedora-clang, r-devel-linux-x86_64-fedora-gcc, r-oldrel-macos-arm64