Last updated on 2024-04-18 12:52:41 CEST.
Flavor | Version | Tinstall | Tcheck | Ttotal | Status | Flags |
---|---|---|---|---|---|---|
r-devel-linux-x86_64-debian-clang | 1.9 | 18.08 | 124.96 | 143.04 | NOTE | |
r-devel-linux-x86_64-debian-gcc | 1.9 | 12.25 | 91.46 | 103.71 | NOTE | |
r-devel-linux-x86_64-fedora-clang | 1.9 | 172.53 | NOTE | |||
r-devel-linux-x86_64-fedora-gcc | 1.9 | 163.78 | NOTE | |||
r-prerel-macos-arm64 | 1.9 | 52.00 | NOTE | |||
r-prerel-windows-x86_64 | 1.9 | 14.00 | 96.00 | 110.00 | NOTE | |
r-patched-linux-x86_64 | 1.9 | 17.42 | 119.35 | 136.77 | NOTE | |
r-release-linux-x86_64 | 1.9 | 10.08 | 124.19 | 134.27 | OK | |
r-release-macos-arm64 | 1.9 | 50.00 | OK | |||
r-release-macos-x86_64 | 1.9 | 132.00 | OK | |||
r-release-windows-x86_64 | 1.9 | 19.00 | 119.00 | 138.00 | OK | |
r-oldrel-macos-arm64 | 1.9 | 49.00 | OK | |||
r-oldrel-windows-x86_64 | 1.9 | 19.00 | 128.00 | 147.00 | OK |
Version: 1.9
Check: Rd files
Result: NOTE
checkRd: (-1) csvy.Rd:58: Lost braces in \itemize; meant \describe ?
checkRd: (-1) csvy.Rd:59: Lost braces in \itemize; meant \describe ?
checkRd: (-1) csvy.Rd:60: Lost braces in \itemize; meant \describe ?
Flavors: r-devel-linux-x86_64-debian-clang, r-devel-linux-x86_64-debian-gcc, r-devel-linux-x86_64-fedora-clang, r-devel-linux-x86_64-fedora-gcc, r-prerel-macos-arm64, r-prerel-windows-x86_64, r-patched-linux-x86_64