CRAN Package Check Results for Package csranks

Last updated on 2024-03-04 12:52:12 CET.

Flavor Version Tinstall Tcheck Ttotal Status Flags
r-devel-linux-x86_64-debian-clang 1.2.2 7.20 95.29 102.49 OK
r-devel-linux-x86_64-debian-gcc 1.2.2 4.48 70.91 75.39 OK
r-devel-linux-x86_64-fedora-clang 1.2.2 125.70 NOTE
r-devel-linux-x86_64-fedora-gcc 1.2.2 133.66 NOTE
r-devel-windows-x86_64 1.2.2 7.00 92.00 99.00 OK
r-patched-linux-x86_64 1.2.2 5.93 95.08 101.01 OK
r-release-linux-x86_64 1.2.2 7.67 93.97 101.64 OK
r-release-macos-arm64 1.2.2 51.00 OK
r-release-macos-x86_64 1.2.2 87.00 OK
r-release-windows-x86_64 1.2.2 9.00 107.00 116.00 OK
r-oldrel-macos-arm64 1.2.2 48.00 OK
r-oldrel-windows-x86_64 1.2.2 10.00 106.00 116.00 OK

Check Details

Version: 1.2.2
Check: data for non-ASCII characters
Result: NOTE Note: found 2 marked UTF-8 strings Flavors: r-devel-linux-x86_64-fedora-clang, r-devel-linux-x86_64-fedora-gcc