Last updated on 2024-03-28 09:51:40 CET.
Flavor | Version | Tinstall | Tcheck | Ttotal | Status | Flags |
---|---|---|---|---|---|---|
r-devel-linux-x86_64-debian-clang | 2023.5.22 | 6.71 | 72.30 | 79.01 | OK | |
r-devel-linux-x86_64-debian-gcc | 2023.5.22 | 5.53 | 57.30 | 62.83 | OK | |
r-devel-linux-x86_64-fedora-clang | 2023.5.22 | 109.69 | NOTE | |||
r-devel-linux-x86_64-fedora-gcc | 2023.5.22 | 120.96 | OK | |||
r-devel-windows-x86_64 | 2023.5.22 | 9.00 | 80.00 | 89.00 | NOTE | |
r-patched-linux-x86_64 | 2023.5.22 | 7.04 | 73.87 | 80.91 | OK | |
r-release-linux-x86_64 | 2023.5.22 | 8.05 | 71.75 | 79.80 | OK | |
r-release-macos-arm64 | 2023.5.22 | 45.00 | NOTE | |||
r-release-macos-x86_64 | 2023.5.22 | 133.00 | NOTE | |||
r-release-windows-x86_64 | 2023.5.22 | 10.00 | 87.00 | 97.00 | NOTE | |
r-oldrel-macos-arm64 | 2023.5.22 | 57.00 | NOTE | |||
r-oldrel-windows-x86_64 | 2023.5.22 | 12.00 | 93.00 | 105.00 | NOTE |
Version: 2023.5.22
Check: installed package size
Result: NOTE
installed size is 5.7Mb
sub-directories of 1Mb or more:
data 3.8Mb
doc 1.6Mb
Flavors: r-devel-linux-x86_64-fedora-clang, r-devel-windows-x86_64, r-release-macos-arm64, r-release-macos-x86_64, r-release-windows-x86_64, r-oldrel-macos-arm64, r-oldrel-windows-x86_64