Last updated on 2022-07-01 11:51:58 CEST.
Flavor | Version | Tinstall | Tcheck | Ttotal | Status | Flags |
---|---|---|---|---|---|---|
r-devel-linux-x86_64-debian-clang | 1.2-2.1 | 9.42 | 66.74 | 76.16 | NOTE | |
r-devel-linux-x86_64-debian-gcc | 1.2-2.1 | 6.15 | 52.17 | 58.32 | NOTE | |
r-devel-linux-x86_64-fedora-clang | 1.2-2.1 | 101.87 | NOTE | |||
r-devel-linux-x86_64-fedora-gcc | 1.2-2.1 | 101.07 | NOTE | |||
r-devel-windows-x86_64 | 1.2-2.1 | 18.00 | 91.00 | 109.00 | NOTE | |
r-patched-linux-x86_64 | 1.2-2.1 | 7.26 | 65.09 | 72.35 | NOTE | |
r-release-linux-x86_64 | 1.2-2.1 | 9.33 | 66.17 | 75.50 | NOTE | |
r-release-macos-arm64 | 1.2-2.1 | 29.00 | NOTE | |||
r-release-macos-x86_64 | 1.2-2.1 | 41.00 | NOTE | |||
r-release-windows-x86_64 | 1.2-2.1 | 23.00 | 98.00 | 121.00 | NOTE | |
r-oldrel-macos-arm64 | 1.2-2.1 | 37.00 | NOTE | |||
r-oldrel-macos-x86_64 | 1.2-2.1 | 50.00 | NOTE | |||
r-oldrel-windows-ix86+x86_64 | 1.2-2.1 | 17.00 | 82.00 | 99.00 | NOTE |
Version: 1.2-2.1
Check: LazyData
Result: NOTE
'LazyData' is specified without a 'data' directory
Flavors: r-devel-linux-x86_64-debian-clang, r-devel-linux-x86_64-debian-gcc, r-devel-linux-x86_64-fedora-clang, r-devel-linux-x86_64-fedora-gcc, r-devel-windows-x86_64, r-patched-linux-x86_64, r-release-linux-x86_64, r-release-macos-arm64, r-release-macos-x86_64, r-release-windows-x86_64, r-oldrel-macos-arm64, r-oldrel-macos-x86_64, r-oldrel-windows-ix86+x86_64