Last updated on 2025-04-29 12:52:33 CEST.
Flavor | Version | Tinstall | Tcheck | Ttotal | Status | Flags |
---|---|---|---|---|---|---|
r-devel-linux-x86_64-debian-clang | 0.1.0 | 1.78 | 16.43 | 18.21 | NOTE | |
r-devel-linux-x86_64-debian-gcc | 0.1.0 | 1.44 | 13.89 | 15.33 | NOTE | |
r-devel-linux-x86_64-fedora-clang | 0.1.0 | 28.68 | OK | |||
r-devel-linux-x86_64-fedora-gcc | 0.1.0 | 27.06 | OK | |||
r-devel-windows-x86_64 | 0.1.0 | 2.00 | 35.00 | 37.00 | OK | |
r-patched-linux-x86_64 | 0.1.0 | 1.87 | 15.77 | 17.64 | OK | |
r-release-linux-x86_64 | 0.1.0 | 1.79 | 15.77 | 17.56 | OK | |
r-release-macos-arm64 | 0.1.0 | 15.00 | OK | |||
r-release-macos-x86_64 | 0.1.0 | 21.00 | OK | |||
r-release-windows-x86_64 | 0.1.0 | 2.00 | 37.00 | 39.00 | OK | |
r-oldrel-macos-arm64 | 0.1.0 | 14.00 | OK | |||
r-oldrel-macos-x86_64 | 0.1.0 | 20.00 | OK | |||
r-oldrel-windows-x86_64 | 0.1.0 | 4.00 | 33.00 | 37.00 | OK |
Version: 0.1.0
Check: CRAN incoming feasibility
Result: NOTE
Maintainer: ‘Vivian R. Steiger <viv.datascientist@gmail.com>’
No Authors@R field in DESCRIPTION.
Please add one, modifying
Authors@R: person(given = c("Vivian", "R."),
family = "Steiger",
role = c("aut", "cre"),
email = "viv.datascientist@gmail.com")
as necessary.
Flavors: r-devel-linux-x86_64-debian-clang, r-devel-linux-x86_64-debian-gcc