Last updated on 2025-05-12 13:50:09 CEST.
Flavor | Version | Tinstall | Tcheck | Ttotal | Status | Flags |
---|---|---|---|---|---|---|
r-devel-linux-x86_64-debian-clang | 1.3.2 | 10.53 | 113.24 | 123.77 | OK | |
r-devel-linux-x86_64-debian-gcc | 1.3.2 | 6.61 | 77.90 | 84.51 | ERROR | |
r-devel-linux-x86_64-fedora-clang | 1.3.2 | 183.47 | OK | |||
r-devel-linux-x86_64-fedora-gcc | 1.3.2 | 190.65 | OK | |||
r-devel-windows-x86_64 | 1.3.2 | 12.00 | 128.00 | 140.00 | OK | |
r-patched-linux-x86_64 | 1.3.2 | 10.87 | 102.51 | 113.38 | OK | |
r-release-linux-x86_64 | 1.3.2 | 10.48 | 102.50 | 112.98 | OK | |
r-release-macos-arm64 | 1.3.2 | 62.00 | OK | |||
r-release-macos-x86_64 | 1.3.2 | 102.00 | OK | |||
r-release-windows-x86_64 | 1.3.2 | 14.00 | 134.00 | 148.00 | OK | |
r-oldrel-macos-arm64 | 1.3.2 | 70.00 | NOTE | |||
r-oldrel-macos-x86_64 | 1.3.2 | 103.00 | NOTE | |||
r-oldrel-windows-x86_64 | 1.3.2 | 15.00 | 162.00 | 177.00 | NOTE |
Version: 1.3.2
Check: re-building of vignette outputs
Result: ERROR
Error(s) in re-building vignettes:
...
--- re-building ‘cryptoQuotes.Rmd’ using rmarkdown
Quitting from cryptoQuotes.Rmd:103-112 [unnamed-chunk-7]
~~~~~~~~~~~~~~~~~~~~~~~~~~~~~~~~~~~~~~~~~~~~~~~~~~~~~~~~~~~~~~~~~~~~~~~~~~~~~~~~
<error/rlang_error>
Error:
! lexical error: invalid char in json text.
<!DOCTYPE html> <!--[if lt IE 7
(right here) ------^
---
Backtrace:
▆
1. └─cryptoQuotes::get_lsratio(...)
2. ├─stats::window(...)
3. └─cryptoQuotes:::fetch(...)
4. ├─cryptoQuotes:::flatten(...)
5. └─cryptoQuotes:::GET(...)
6. └─jsonlite::fromJSON(...)
7. └─jsonlite:::parse_and_simplify(...)
8. └─jsonlite:::parseJSON(txt, bigint_as_char)
9. └─jsonlite:::parse_string(txt, bigint_as_char)
~~~~~~~~~~~~~~~~~~~~~~~~~~~~~~~~~~~~~~~~~~~~~~~~~~~~~~~~~~~~~~~~~~~~~~~~~~~~~~~~
Error: processing vignette 'cryptoQuotes.Rmd' failed with diagnostics:
lexical error: invalid char in json text.
<!DOCTYPE html> <!--[if lt IE 7
(right here) ------^
--- failed re-building ‘cryptoQuotes.Rmd’
--- re-building ‘custom_indicators.Rmd’ using rmarkdown
--- finished re-building ‘custom_indicators.Rmd’
--- re-building ‘usecase.Rmd’ using rmarkdown
--- finished re-building ‘usecase.Rmd’
SUMMARY: processing the following file failed:
‘cryptoQuotes.Rmd’
Error: Vignette re-building failed.
Execution halted
Flavor: r-devel-linux-x86_64-debian-gcc
Version: 1.3.2
Check: installed package size
Result: NOTE
installed size is 13.1Mb
sub-directories of 1Mb or more:
doc 11.7Mb
help 1.2Mb
Flavors: r-oldrel-macos-arm64, r-oldrel-macos-x86_64, r-oldrel-windows-x86_64