CRAN Package Check Results for Package crtests

Last updated on 2022-06-25 10:53:00 CEST.

Flavor Version Tinstall Tcheck Ttotal Status Flags
r-devel-linux-x86_64-debian-clang 0.2.1 3.29 49.30 52.59 NOTE
r-devel-linux-x86_64-debian-gcc 0.2.1 2.72 38.06 40.78 NOTE
r-devel-linux-x86_64-fedora-clang 0.2.1 73.18 NOTE
r-devel-linux-x86_64-fedora-gcc 0.2.1 72.29 NOTE
r-devel-windows-x86_64 0.2.1 25.00 84.00 109.00 NOTE
r-patched-linux-x86_64 0.2.1 2.96 47.55 50.51 NOTE
r-release-linux-x86_64 0.2.1 2.14 45.92 48.06 NOTE
r-release-macos-arm64 0.2.1 26.00 NOTE
r-release-macos-x86_64 0.2.1 42.00 NOTE
r-release-windows-x86_64 0.2.1 31.00 80.00 111.00 NOTE
r-oldrel-macos-arm64 0.2.1 31.00 NOTE
r-oldrel-macos-x86_64 0.2.1 42.00 NOTE
r-oldrel-windows-ix86+x86_64 0.2.1 9.00 71.00 80.00 NOTE

Check Details

Version: 0.2.1
Check: LazyData
Result: NOTE
     'LazyData' is specified without a 'data' directory
Flavors: r-devel-linux-x86_64-debian-clang, r-devel-linux-x86_64-debian-gcc, r-devel-linux-x86_64-fedora-clang, r-devel-linux-x86_64-fedora-gcc, r-devel-windows-x86_64, r-patched-linux-x86_64, r-release-linux-x86_64, r-release-macos-arm64, r-release-macos-x86_64, r-release-windows-x86_64, r-oldrel-macos-arm64, r-oldrel-macos-x86_64, r-oldrel-windows-ix86+x86_64