Last updated on 2024-04-24 11:20:47 CEST.
Flavor | Version | Tinstall | Tcheck | Ttotal | Status | Flags |
---|---|---|---|---|---|---|
r-devel-linux-x86_64-debian-clang | 0.4 | 39.65 | 349.16 | 388.81 | OK | |
r-devel-linux-x86_64-debian-gcc | 0.4 | 40.47 | 246.72 | 287.19 | OK | |
r-devel-linux-x86_64-fedora-clang | 0.4 | 480.75 | NOTE | |||
r-devel-linux-x86_64-fedora-gcc | 0.4 | 450.36 | OK | |||
r-devel-windows-x86_64 | 0.4 | 40.00 | 207.00 | 247.00 | NOTE | |
r-patched-linux-x86_64 | 0.4 | 42.32 | 330.99 | 373.31 | OK | |
r-release-linux-x86_64 | 0.4 | 41.03 | 324.82 | 365.85 | OK | |
r-release-macos-arm64 | 0.4 | 125.00 | NOTE | |||
r-release-windows-x86_64 | 0.4 | 37.00 | 198.00 | 235.00 | NOTE | |
r-oldrel-macos-arm64 | 0.4 | 100.00 | NOTE | |||
r-oldrel-macos-x86_64 | 0.4 | 198.00 | NOTE | |||
r-oldrel-windows-x86_64 | 0.4 | 50.00 | 257.00 | 307.00 | NOTE |
Version: 0.4
Check: installed package size
Result: NOTE
installed size is 5.8Mb
sub-directories of 1Mb or more:
data 5.7Mb
Flavors: r-devel-linux-x86_64-fedora-clang, r-devel-windows-x86_64, r-release-macos-arm64, r-release-windows-x86_64, r-oldrel-macos-arm64, r-oldrel-macos-x86_64, r-oldrel-windows-x86_64