Last updated on 2023-09-25 12:01:36 CEST.
Flavor | Version | Tinstall | Tcheck | Ttotal | Status | Flags |
---|---|---|---|---|---|---|
r-devel-linux-x86_64-debian-clang | 1.0.3 | 20.98 | 211.60 | 232.58 | OK | |
r-devel-linux-x86_64-debian-gcc | 1.0.3 | 16.83 | 158.86 | 175.69 | OK | |
r-devel-linux-x86_64-fedora-clang | 1.0.3 | 291.63 | OK | |||
r-devel-linux-x86_64-fedora-gcc | 1.0.3 | 318.39 | OK | |||
r-devel-windows-x86_64 | 1.0.3 | 23.00 | 182.00 | 205.00 | OK | |
r-patched-linux-x86_64 | 1.0.3 | 20.26 | 206.58 | 226.84 | OK | |
r-release-linux-x86_64 | 1.0.3 | 16.55 | 205.71 | 222.26 | OK | |
r-release-macos-arm64 | 1.0.3 | 105.00 | NOTE | |||
r-release-macos-x86_64 | 1.0.3 | 226.00 | NOTE | |||
r-release-windows-x86_64 | 1.0.3 | 29.00 | 244.00 | 273.00 | NOTE | |
r-oldrel-macos-arm64 | 1.0.3 | 101.00 | NOTE | |||
r-oldrel-macos-x86_64 | 1.0.3 | 146.00 | NOTE | |||
r-oldrel-windows-x86_64 | 1.0.3 | 26.00 | 242.00 | 268.00 | NOTE |
Version: 1.0.3
Check: package dependencies
Result: NOTE
Package suggested but not available for checking: ‘EnsDb.Hsapiens.v86’
Flavors: r-release-macos-arm64, r-release-macos-x86_64, r-release-windows-x86_64, r-oldrel-macos-arm64, r-oldrel-macos-x86_64, r-oldrel-windows-x86_64