CRAN Package Check Results for Package crop

Last updated on 2022-07-04 12:54:07 CEST.

Flavor Version Tinstall Tcheck Ttotal Status Flags
r-devel-linux-x86_64-debian-clang 0.0-2 2.05 21.16 23.21 NOTE
r-devel-linux-x86_64-debian-gcc 0.0-2 1.48 16.39 17.87 NOTE
r-devel-linux-x86_64-fedora-clang 0.0-2 38.67 NOTE
r-devel-linux-x86_64-fedora-gcc 0.0-2 37.76 NOTE
r-devel-windows-x86_64 0.0-2 10.00 40.00 50.00 OK
r-patched-linux-x86_64 0.0-2 1.95 20.69 22.64 NOTE
r-release-linux-x86_64 0.0-2 1.97 20.75 22.72 NOTE
r-release-macos-arm64 0.0-2 14.00 OK
r-release-macos-x86_64 0.0-2 19.00 OK
r-release-windows-x86_64 0.0-2 5.00 40.00 45.00 OK
r-oldrel-macos-arm64 0.0-2 26.00 OK
r-oldrel-macos-x86_64 0.0-2 24.00 OK
r-oldrel-windows-ix86+x86_64 0.0-2 4.00 23.00 27.00 OK

Check Details

Version: 0.0-2
Check: for non-standard things in the check directory
Result: NOTE
    Found the following files/directories:
     'crop.eps' 'crop.pdf' 'crop.png' 'crop.ps'
Flavors: r-devel-linux-x86_64-debian-clang, r-devel-linux-x86_64-debian-gcc, r-devel-linux-x86_64-fedora-clang, r-devel-linux-x86_64-fedora-gcc, r-patched-linux-x86_64, r-release-linux-x86_64