Last updated on 2022-07-02 12:53:00 CEST.
Flavor | Version | Tinstall | Tcheck | Ttotal | Status | Flags |
---|---|---|---|---|---|---|
r-devel-linux-x86_64-debian-clang | 1.0.2 | 7.82 | 86.16 | 93.98 | OK | |
r-devel-linux-x86_64-debian-gcc | 1.0.2 | 5.61 | 64.43 | 70.04 | OK | |
r-devel-linux-x86_64-fedora-clang | 1.0.2 | 120.35 | WARN | |||
r-devel-linux-x86_64-fedora-gcc | 1.0.2 | 116.85 | WARN | |||
r-devel-windows-x86_64 | 1.0.2 | 12.00 | 112.00 | 124.00 | OK | |
r-patched-linux-x86_64 | 1.0.2 | 7.34 | 78.70 | 86.04 | OK | |
r-release-linux-x86_64 | 1.0.2 | 7.04 | 80.68 | 87.72 | OK | |
r-release-macos-arm64 | 1.0.2 | 33.00 | OK | |||
r-release-macos-x86_64 | 1.0.2 | 63.00 | OK | |||
r-release-windows-x86_64 | 1.0.2 | 16.00 | 114.00 | 130.00 | OK | |
r-oldrel-macos-arm64 | 1.0.2 | 53.00 | OK | |||
r-oldrel-macos-x86_64 | 1.0.2 | 61.00 | OK | |||
r-oldrel-windows-ix86+x86_64 | 1.0.2 | 19.00 | 103.00 | 122.00 | OK |
Version: 1.0.2
Check: package dependencies
Result: WARN
Requires (indirectly) orphaned package: ‘gtools’
Flavors: r-devel-linux-x86_64-fedora-clang, r-devel-linux-x86_64-fedora-gcc